{"id":11505,"date":"2026-03-15T10:46:25","date_gmt":"2026-03-15T09:46:25","guid":{"rendered":"https:\/\/www.fsr-verkehr.de\/?post_type=mec-events&#038;p=11505"},"modified":"2026-03-15T10:51:17","modified_gmt":"2026-03-15T09:51:17","slug":"dvwg-impulse-carsharing","status":"publish","type":"mec-events","link":"https:\/\/www.fsr-verkehr.de\/en\/events\/dvwg-impulse-carsharing\/","title":{"rendered":"DVWG Impulse &#8211; Carsharing"},"content":{"rendered":"\n<p>Carsharing ist l\u00e4ngst mehr ein Nischenangebot f\u00fcr Gro\u00dfst\u00e4dte, es ist ein zentraler Baustein nachhaltiger urbaner Mobilit\u00e4t. Der Vortrag von Marcus Buchfeld, Regionalleiter teilAuto eG Dresden, beleuchtet am Beispiel der Stadt&nbsp;Dresden, wie sich Carsharing-Angebote in den vergangenen Jahren entwickelt haben und wie das Zusammenspiel von kommunaler Verwaltung und des Carsharing-Unternehmens teilAuto zu einem tragf\u00e4higen Gesamtsystem gef\u00fchrt hat.<\/p>\n\n\n\n<p>Alle weiteren Informationen findet ihr auch auf der\u00a0<a href=\"https:\/\/emea01.safelinks.protection.outlook.com\/?url=https%3A%2F%2Fsachsen.dvwg.de%2Fveranstaltungen%2Fveranstaltungsdetails%2Fdvwg-impulse-carsharing-als-baustein-staedtischer-mobilitaet.html&amp;data=05%7C02%7C%7C6ba4b8288ef9434e08f908de7e8fda6c%7C84df9e7fe9f640afb435aaaaaaaaaaaa%7C1%7C0%7C639087353489174891%7CUnknown%7CTWFpbGZsb3d8eyJFbXB0eU1hcGkiOnRydWUsIlYiOiIwLjAuMDAwMCIsIlAiOiJXaW4zMiIsIkFOIjoiTWFpbCIsIldUIjoyfQ%3D%3D%7C0%7C%7C%7C&amp;sdata=IF7P%2FO9k95OYq9so%2BpyCFjaRii%2FS3xTBwczWWZgcUag%3D&amp;reserved=0\">Website zur Veranstaltung<\/a>. Anmeldung erw\u00fcnscht bis\u00a0<strong>Freitag, den 17. April 2026<\/strong>\u00a0per E-Mail an <a href=\"mailto:sachsen@dvwg.de\">sachsen@dvwg.de<\/a>.<\/p>\n","protected":false},"excerpt":{"rendered":"<p>Carsharing ist l\u00e4ngst mehr ein Nischenangebot f\u00fcr Gro\u00dfst\u00e4dte, es ist ein zentraler Baustein nachhaltiger urbaner Mobilit\u00e4t. Der Vortrag von Marcus Buchfeld, Regionalleiter teilAuto eG Dresden, \u2026<\/p>\n","protected":false},"author":33,"featured_media":11506,"comment_status":"closed","ping_status":"closed","template":"","tags":[],"mec_category":[718,631],"class_list":["post-11505","mec-events","type-mec-events","status-publish","has-post-thumbnail","hentry","mec_category-dvwg","mec_category-veranstaltung-de"],"translation":{"provider":"WPGlobus","version":"3.0.0","language":"en","enabled_languages":["de","en"],"languages":{"de":{"title":true,"content":true,"excerpt":false},"en":{"title":false,"content":false,"excerpt":false}}},"_links":{"self":[{"href":"https:\/\/www.fsr-verkehr.de\/en\/wp-json\/wp\/v2\/mec-events\/11505","targetHints":{"allow":["GET"]}}],"collection":[{"href":"https:\/\/www.fsr-verkehr.de\/en\/wp-json\/wp\/v2\/mec-events"}],"about":[{"href":"https:\/\/www.fsr-verkehr.de\/en\/wp-json\/wp\/v2\/types\/mec-events"}],"author":[{"embeddable":true,"href":"https:\/\/www.fsr-verkehr.de\/en\/wp-json\/wp\/v2\/users\/33"}],"replies":[{"embeddable":true,"href":"https:\/\/www.fsr-verkehr.de\/en\/wp-json\/wp\/v2\/comments?post=11505"}],"wp:featuredmedia":[{"embeddable":true,"href":"https:\/\/www.fsr-verkehr.de\/en\/wp-json\/wp\/v2\/media\/11506"}],"wp:attachment":[{"href":"https:\/\/www.fsr-verkehr.de\/en\/wp-json\/wp\/v2\/media?parent=11505"}],"wp:term":[{"taxonomy":"post_tag","embeddable":true,"href":"https:\/\/www.fsr-verkehr.de\/en\/wp-json\/wp\/v2\/tags?post=11505"},{"taxonomy":"mec_category","embeddable":true,"href":"https:\/\/www.fsr-verkehr.de\/en\/wp-json\/wp\/v2\/mec_category?post=11505"}],"curies":[{"name":"wp","href":"https:\/\/api.w.org\/{rel}","templated":true}]}}

<p>Carsharing ist längst mehr ein Nischenangebot für Großstädte, es ist ein zentraler Baustein nachhaltiger urbaner Mobilität. Der Vortrag von Marcus Buchfeld, Regionalleiter teilAuto eG Dresden, beleuchtet am Beispiel der Stadt&nbsp;Dresden, wie sich Carsharing-Angebote in den vergangenen Jahren entwickelt haben und wie das Zusammenspiel von kommunaler Verwaltung und des Carsharing-Unternehmens teilAuto zu einem tragfähigen Gesamtsystem geführt hat.</p>



<p>Alle weiteren Informationen findet ihr auch auf der <a href="https://emea01.safelinks.protection.outlook.com/?url=https%3A%2F%2Fsachsen.dvwg.de%2Fveranstaltungen%2Fveranstaltungsdetails%2Fdvwg-impulse-carsharing-als-baustein-staedtischer-mobilitaet.html&amp;data=05%7C02%7C%7C6ba4b8288ef9434e08f908de7e8fda6c%7C84df9e7fe9f640afb435aaaaaaaaaaaa%7C1%7C0%7C639087353489174891%7CUnknown%7CTWFpbGZsb3d8eyJFbXB0eU1hcGkiOnRydWUsIlYiOiIwLjAuMDAwMCIsIlAiOiJXaW4zMiIsIkFOIjoiTWFpbCIsIldUIjoyfQ%3D%3D%7C0%7C%7C%7C&amp;sdata=IF7P%2FO9k95OYq9so%2BpyCFjaRii%2FS3xTBwczWWZgcUag%3D&amp;reserved=0">Website zur Veranstaltung</a>. Anmeldung erwünscht bis <strong>Freitag, den 17. April 2026</strong> per E-Mail an <a href="mailto:sachsen@dvwg.de">sachsen@dvwg.de</a>.</p>

<p>Carsharing ist längst mehr ein Nischenangebot für Großstädte, es ist ein zentraler Baustein nachhaltiger urbaner Mobilität. Der Vortrag von Marcus Buchfeld, Regionalleiter teilAuto eG Dresden, …</p>
