{"id":2996,"date":"2022-01-27T19:12:52","date_gmt":"2022-01-27T18:12:52","guid":{"rendered":"https:\/\/fsr-verkehr.de\/?post_type=mec-events&#038;p=2996"},"modified":"2022-05-24T14:57:08","modified_gmt":"2022-05-24T12:57:08","slug":"fsr-sitzung-am-16-08-2021-912-452-805-489-602-648-329-910-405","status":"publish","type":"mec-events","link":"https:\/\/www.fsr-verkehr.de\/en\/events\/fsr-sitzung-am-23-05-2022","title":{"rendered":"FSR-Sitzung am 23.05.2022"},"content":{"rendered":"\n<p>Am 23.05.2022 um 20:05 Uhr fand eine Sitzung des FSR-Verkehrs im <strong>POT\/13<\/strong> statt.<\/p>\n\n\n\n<p><strong>Sitzungszusammenfassung:<br><\/strong><\/p>\n\n\n\n<ul class=\"wp-block-list\"><li><strong>0.<\/strong> <strong>Begr\u00fc\u00dfung und Formalia<\/strong><\/li><li><strong>1.<\/strong> <strong>Gremien<\/strong><ul><li><em>StuR<\/em>a tagte am 19.05.- Es gab Wahlen und Entsendungen, ebenso wurde eine neue Personen in Sitzungsvorstand gew\u00e4hlt; es gibt nun einen neuer Referenten Inklusion; zudem soll neue Multimediatechnik angeschafft werden. Au\u00dferdem tagt der Stura zuk\u00fcnftig wieder in Pr\u00e4senz und es sind Exkursionen im Referat Kultur geplant- wer also mag, kann gerne mitkommen<\/li><li><em>Senat:<\/em> Es gibt News zur Mommsenstra\u00dfe: Ab 2023 startet ein Modellversuch: Entwidmung des Parkplatzes neben der alten Mensa zum neuen Mommsenplatz<\/li><\/ul><\/li><li><strong>2. Wahlen und Entsendungen<\/strong><ul><li>+++<em>Stugako LuLo<\/em>: wird mangels Kandidierender auf den 30.05. vertagt- Der FSR freut sich auf Kandidierende!+++<\/li><li>+++<em>Stugako BSI<\/em>: wird mangels Kandidierender auf den 23.05. vertagt- Der FSR freut sich auf Kandidierende!+++<\/li><\/ul><\/li><li><strong>3. Fakult\u00e4tsordnung<\/strong><ul><li>Vorstellung der neuen Fakult\u00e4tsordnung mit gendergerechten \u00c4nderungen<\/li><\/ul><\/li><\/ul>\n\n\n\n<ul class=\"wp-block-list\"><li><strong>4. Positionspapier Hybridlehre<\/strong>&nbsp;<ul><li>Entstanden auf dem letzten Vernetzungstreffen, wird vom FSR Verkehr unterst\u00fctzt, hierbei geht es insbesondere darum, Lehrende dazu zu verpflichten, ein Onlineangebot der Vorlesungen bereit zu halten<\/li><\/ul><\/li><\/ul>\n\n\n\n<ul class=\"wp-block-list\"><li><strong>5. Auswertung Uni Tag<\/strong><ul><li>Erster Uni-Tag nach langer Zeit in Pr\u00e4senz<\/li><li>Imagefilm ist nun fertig und konnte auf dem Uni Tag gezeigt werden<\/li><li>Werbematerialien werden aktuell \u00fcberarbeitet<\/li><li>Intensiver Austausch dar\u00fcber, was gut lief und was in Zukunft verbessert werden k\u00f6nnte<\/li><\/ul><\/li><li><strong>6. Bericht vom Beratungsworkshop<\/strong><ul><li> Am 19.05. fand ein Workshop zum Thema Beratung von Studierenden f\u00fcr Mitglieder aller Fachschaftsr\u00e4te statt, der in naher Zukunft nochmal wiederholt werden soll<\/li><\/ul><\/li><li><strong>7. AGBs B\u00fccherb\u00f6rse<\/strong><ul><li>Vorstellung neuer Vertragsbedingungen f\u00fcr die B\u00fccherb\u00f6rse und Vertagung des Punkts auf die n\u00e4chste Sitzung<\/li><\/ul><\/li><li><strong>8. FA Eingangsbanner und Gruppenbild<\/strong><ul><li>Vertagung des FA auf die n\u00e4chste Sitzung<\/li><\/ul><\/li><li><strong>9. Ressorts<\/strong><ul><li><em>Logo:<\/em> Ampelmann h\u00e4tte gerne noch ein alternatives Logo, dieses wird auf einer weiteren Sitzung vorgestellt<\/li><li><em>Jagd nach Mr. X: <\/em>Vielen Dank an alle, die mitgemacht haben, ihr wart Spitze<\/li><li><em>Sommerfest: <\/em>Vorstellung des Plakatentwurfs von Sebastian Gerken<\/li><li>Teambuilding: Am 25.05. ab 19:00 Uhr findet an der S\u00fcdh\u00f6he ein gemeinsames Bowlingevent statt<\/li><\/ul><\/li><li><strong>10. Bericht von Sprechenden und Finanzer<\/strong><ul><li>Bericht vom Dekanatsgespr\u00e4ch \u00fcber Perspektiven im Ausland<\/li><li>Am 23.06. um 11:10 soll es ein Treffen zum Thema Auslandsaufenthalte geben- Wer Lust hat, ein Plakat zu erstellen, kann sich gerne bei uns melden, das Ganze soll im hybriden Format und im Rahmen des Kompass Hauptstudium stattfinden<\/li><li>FSR Fahrt wurde abgerechnet<\/li><\/ul><\/li><li><strong>11. Sonstiges<\/strong><ul><li>Am Samstag den 18.06. gibt es ein Konzert mit freiem Eintritt in der Lukaskirche, Kristof l\u00e4dt herzlich dazu ein<\/li><li>Crashkurs zu Vektorgrafiken- Bei Interesse an Antoan wenden<\/li><\/ul><\/li><\/ul>\n\n\n\n<p><em>Die n\u00e4chste Sitzung findet am&nbsp;30.05.&nbsp;um 20:05 Uhr in Pr\u00e4senz im POT 13 statt<\/em>.<\/p>\n","protected":false},"excerpt":{"rendered":"<p>Am 23.05.2022 um 20:05 Uhr fand eine Sitzung des FSR-Verkehrs im POT\/13 statt. Sitzungszusammenfassung: 0. Begr\u00fc\u00dfung und Formalia 1. Gremien StuRa tagte am 19.05.- Es \u2026<\/p>\n","protected":false},"author":17,"featured_media":2045,"comment_status":"closed","ping_status":"closed","template":"","tags":[],"mec_category":[75],"class_list":["post-2996","mec-events","type-mec-events","status-publish","has-post-thumbnail","hentry","mec_category-fsr-sitzung"],"translation":{"provider":"WPGlobus","version":"3.0.0","language":"en","enabled_languages":["de","en"],"languages":{"de":{"title":true,"content":true,"excerpt":false},"en":{"title":false,"content":false,"excerpt":false}}},"_links":{"self":[{"href":"https:\/\/www.fsr-verkehr.de\/en\/wp-json\/wp\/v2\/mec-events\/2996","targetHints":{"allow":["GET"]}}],"collection":[{"href":"https:\/\/www.fsr-verkehr.de\/en\/wp-json\/wp\/v2\/mec-events"}],"about":[{"href":"https:\/\/www.fsr-verkehr.de\/en\/wp-json\/wp\/v2\/types\/mec-events"}],"author":[{"embeddable":true,"href":"https:\/\/www.fsr-verkehr.de\/en\/wp-json\/wp\/v2\/users\/17"}],"replies":[{"embeddable":true,"href":"https:\/\/www.fsr-verkehr.de\/en\/wp-json\/wp\/v2\/comments?post=2996"}],"wp:featuredmedia":[{"embeddable":true,"href":"https:\/\/www.fsr-verkehr.de\/en\/wp-json\/wp\/v2\/media\/2045"}],"wp:attachment":[{"href":"https:\/\/www.fsr-verkehr.de\/en\/wp-json\/wp\/v2\/media?parent=2996"}],"wp:term":[{"taxonomy":"post_tag","embeddable":true,"href":"https:\/\/www.fsr-verkehr.de\/en\/wp-json\/wp\/v2\/tags?post=2996"},{"taxonomy":"mec_category","embeddable":true,"href":"https:\/\/www.fsr-verkehr.de\/en\/wp-json\/wp\/v2\/mec_category?post=2996"}],"curies":[{"name":"wp","href":"https:\/\/api.w.org\/{rel}","templated":true}]}}

<p>Am 23.05.2022 um 20:05 Uhr fand eine Sitzung des FSR-Verkehrs im <strong>POT/13</strong> statt.</p>



<p><strong>Sitzungszusammenfassung:<br></strong></p>



<ul class="wp-block-list"><li><strong>0.</strong> <strong>Begrüßung und Formalia</strong></li><li><strong>1.</strong> <strong>Gremien</strong><ul><li><em>StuR</em>a tagte am 19.05.- Es gab Wahlen und Entsendungen, ebenso wurde eine neue Personen in Sitzungsvorstand gewählt; es gibt nun einen neuer Referenten Inklusion; zudem soll neue Multimediatechnik angeschafft werden. Außerdem tagt der Stura zukünftig wieder in Präsenz und es sind Exkursionen im Referat Kultur geplant- wer also mag, kann gerne mitkommen</li><li><em>Senat:</em> Es gibt News zur Mommsenstraße: Ab 2023 startet ein Modellversuch: Entwidmung des Parkplatzes neben der alten Mensa zum neuen Mommsenplatz</li></ul></li><li><strong>2. Wahlen und Entsendungen</strong><ul><li>+++<em>Stugako LuLo</em>: wird mangels Kandidierender auf den 30.05. vertagt- Der FSR freut sich auf Kandidierende!+++</li><li>+++<em>Stugako BSI</em>: wird mangels Kandidierender auf den 23.05. vertagt- Der FSR freut sich auf Kandidierende!+++</li></ul></li><li><strong>3. Fakultätsordnung</strong><ul><li>Vorstellung der neuen Fakultätsordnung mit gendergerechten Änderungen</li></ul></li></ul>



<ul class="wp-block-list"><li><strong>4. Positionspapier Hybridlehre</strong>&nbsp;<ul><li>Entstanden auf dem letzten Vernetzungstreffen, wird vom FSR Verkehr unterstützt, hierbei geht es insbesondere darum, Lehrende dazu zu verpflichten, ein Onlineangebot der Vorlesungen bereit zu halten</li></ul></li></ul>



<ul class="wp-block-list"><li><strong>5. Auswertung Uni Tag</strong><ul><li>Erster Uni-Tag nach langer Zeit in Präsenz</li><li>Imagefilm ist nun fertig und konnte auf dem Uni Tag gezeigt werden</li><li>Werbematerialien werden aktuell überarbeitet</li><li>Intensiver Austausch darüber, was gut lief und was in Zukunft verbessert werden könnte</li></ul></li><li><strong>6. Bericht vom Beratungsworkshop</strong><ul><li> Am 19.05. fand ein Workshop zum Thema Beratung von Studierenden für Mitglieder aller Fachschaftsräte statt, der in naher Zukunft nochmal wiederholt werden soll</li></ul></li><li><strong>7. AGBs Bücherbörse</strong><ul><li>Vorstellung neuer Vertragsbedingungen für die Bücherbörse und Vertagung des Punkts auf die nächste Sitzung</li></ul></li><li><strong>8. FA Eingangsbanner und Gruppenbild</strong><ul><li>Vertagung des FA auf die nächste Sitzung</li></ul></li><li><strong>9. Ressorts</strong><ul><li><em>Logo:</em> Ampelmann hätte gerne noch ein alternatives Logo, dieses wird auf einer weiteren Sitzung vorgestellt</li><li><em>Jagd nach Mr. X: </em>Vielen Dank an alle, die mitgemacht haben, ihr wart Spitze</li><li><em>Sommerfest: </em>Vorstellung des Plakatentwurfs von Sebastian Gerken</li><li>Teambuilding: Am 25.05. ab 19:00 Uhr findet an der Südhöhe ein gemeinsames Bowlingevent statt</li></ul></li><li><strong>10. Bericht von Sprechenden und Finanzer</strong><ul><li>Bericht vom Dekanatsgespräch über Perspektiven im Ausland</li><li>Am 23.06. um 11:10 soll es ein Treffen zum Thema Auslandsaufenthalte geben- Wer Lust hat, ein Plakat zu erstellen, kann sich gerne bei uns melden, das Ganze soll im hybriden Format und im Rahmen des Kompass Hauptstudium stattfinden</li><li>FSR Fahrt wurde abgerechnet</li></ul></li><li><strong>11. Sonstiges</strong><ul><li>Am Samstag den 18.06. gibt es ein Konzert mit freiem Eintritt in der Lukaskirche, Kristof lädt herzlich dazu ein</li><li>Crashkurs zu Vektorgrafiken- Bei Interesse an Antoan wenden</li></ul></li></ul>



<p><em>Die nächste Sitzung findet am&nbsp;30.05.&nbsp;um 20:05 Uhr in Präsenz im POT 13 statt</em>.</p>

<p>Am 23.05.2022 um 20:05 Uhr fand eine Sitzung des FSR-Verkehrs im POT/13 statt. Sitzungszusammenfassung: 0. Begrüßung und Formalia 1. Gremien StuRa tagte am 19.05.- Es …</p>
