{"id":3363,"date":"2022-04-18T11:18:06","date_gmt":"2022-04-18T09:18:06","guid":{"rendered":"https:\/\/fsr-verkehr.de\/events\/diskussionsabend-strassenbahn-vs-u-bahn-sind-u-bahnen-noch-zeitgemaess\/"},"modified":"2022-04-21T14:53:47","modified_gmt":"2022-04-21T12:53:47","slug":"diskussionsabend-strassenbahn-vs-u-bahn-sind-u-bahnen-noch-zeitgemaess","status":"publish","type":"mec-events","link":"https:\/\/www.fsr-verkehr.de\/en\/events\/diskussionsabend-strassenbahn-vs-u-bahn-sind-u-bahnen-noch-zeitgemaess\/","title":{"rendered":"Diskussionsabend: &#8220;Stra\u00dfenbahn vs. U-Bahn &#8211; Sind U-Bahnen noch zeitgem\u00e4\u00df?&#8221;"},"content":{"rendered":"\n<p>Du bist der Meinung, dass Dresden unbedingt eine U-Bahn braucht? Bist du \u00fcberzeugt, dass jede Stadt eine Stra\u00dfenbahn haben sollte? Oder hast du vielleicht eine ganz andere Idee wie Mobilit\u00e4tsbed\u00fcrfnisse heutzutage erf\u00fcllt werden sollten?<\/p>\n\n\n\n<p>Dann komme am 27.04. um 18:30 Uhr in den POT 13 zu unserem Diskussionsabend.<\/p>\n\n\n\n<p>Dort werden wir gemeinsam, begleitet von studentischen Impulsvortr\u00e4gen, \u00fcber diese Fragestellungen diskutieren. F\u00fcr Knabbereien ist gesorgt, Getr\u00e4nke k\u00f6nnen vor Ort erworben werden.<\/p>\n","protected":false},"excerpt":{"rendered":"<p>Du bist der Meinung, dass Dresden unbedingt eine U-Bahn braucht? Bist du \u00fcberzeugt, dass jede Stadt eine Stra\u00dfenbahn haben sollte? Oder hast du vielleicht eine \u2026<\/p>\n","protected":false},"author":5,"featured_media":3408,"comment_status":"closed","ping_status":"closed","template":"","tags":[],"mec_category":[174],"class_list":["post-3363","mec-events","type-mec-events","status-publish","has-post-thumbnail","hentry","mec_category-fsr-veranstaltungen"],"translation":{"provider":"WPGlobus","version":"3.0.0","language":"en","enabled_languages":["de","en"],"languages":{"de":{"title":true,"content":true,"excerpt":false},"en":{"title":false,"content":false,"excerpt":false}}},"_links":{"self":[{"href":"https:\/\/www.fsr-verkehr.de\/en\/wp-json\/wp\/v2\/mec-events\/3363","targetHints":{"allow":["GET"]}}],"collection":[{"href":"https:\/\/www.fsr-verkehr.de\/en\/wp-json\/wp\/v2\/mec-events"}],"about":[{"href":"https:\/\/www.fsr-verkehr.de\/en\/wp-json\/wp\/v2\/types\/mec-events"}],"author":[{"embeddable":true,"href":"https:\/\/www.fsr-verkehr.de\/en\/wp-json\/wp\/v2\/users\/5"}],"replies":[{"embeddable":true,"href":"https:\/\/www.fsr-verkehr.de\/en\/wp-json\/wp\/v2\/comments?post=3363"}],"wp:featuredmedia":[{"embeddable":true,"href":"https:\/\/www.fsr-verkehr.de\/en\/wp-json\/wp\/v2\/media\/3408"}],"wp:attachment":[{"href":"https:\/\/www.fsr-verkehr.de\/en\/wp-json\/wp\/v2\/media?parent=3363"}],"wp:term":[{"taxonomy":"post_tag","embeddable":true,"href":"https:\/\/www.fsr-verkehr.de\/en\/wp-json\/wp\/v2\/tags?post=3363"},{"taxonomy":"mec_category","embeddable":true,"href":"https:\/\/www.fsr-verkehr.de\/en\/wp-json\/wp\/v2\/mec_category?post=3363"}],"curies":[{"name":"wp","href":"https:\/\/api.w.org\/{rel}","templated":true}]}}

Diskussionsabend: &#8220;Straßenbahn vs. U-Bahn &#8211; Sind U-Bahnen noch zeitgemäß?&#8221;

<p>Du bist der Meinung, dass Dresden unbedingt eine U-Bahn braucht? Bist du überzeugt, dass jede Stadt eine Straßenbahn haben sollte? Oder hast du vielleicht eine ganz andere Idee wie Mobilitätsbedürfnisse heutzutage erfüllt werden sollten?</p>



<p>Dann komme am 27.04. um 18:30 Uhr in den POT 13 zu unserem Diskussionsabend.</p>



<p>Dort werden wir gemeinsam, begleitet von studentischen Impulsvorträgen, über diese Fragestellungen diskutieren. Für Knabbereien ist gesorgt, Getränke können vor Ort erworben werden.</p>

<p>Du bist der Meinung, dass Dresden unbedingt eine U-Bahn braucht? Bist du überzeugt, dass jede Stadt eine Straßenbahn haben sollte? Oder hast du vielleicht eine …</p>
