{"id":3919,"date":"2022-07-11T20:23:48","date_gmt":"2022-07-11T18:23:48","guid":{"rendered":"https:\/\/fsr-verkehr.de\/?post_type=mec-events&#038;p=3919"},"modified":"2022-10-07T11:48:59","modified_gmt":"2022-10-07T09:48:59","slug":"letzte-vorlesung-von-prof-becker","status":"publish","type":"mec-events","link":"https:\/\/www.fsr-verkehr.de\/en\/events\/letzte-vorlesung-von-prof-becker\/","title":{"rendered":"Letzte Vorlesung von Prof. Becker"},"content":{"rendered":"\n<p>Am Dienstag, den 12.07.2022, h\u00e4lt Prof. Becker in der 2. DS (09:20 Uhr) seine letzte Vorlesung zum Thema &#8220;Verkehrswende: Was bedeutet das konkret?&#8221;. Die Vorlesung findet im Rahmen der Grundlagenvorlesung &#8220;Umwelt und Verkehr&#8221; statt, ist jedoch f\u00fcr alle alle Studieng\u00e4nge und Gasth\u00f6rer:innen ge\u00f6ffnet.<\/p>\n\n\n\n<p>Wir laden alle Studierenden der Fakult\u00e4t recht herzlich ein vorbeizukommen!<\/p>\n","protected":false},"excerpt":{"rendered":"<p>Am Dienstag, den 12.07.2022, h\u00e4lt Prof. Becker in der 2. DS (09:20 Uhr) seine letzte Vorlesung zum Thema &#8220;Verkehrswende: Was bedeutet das konkret?&#8221;. Die Vorlesung \u2026<\/p>\n","protected":false},"author":4,"featured_media":0,"comment_status":"closed","ping_status":"closed","template":"","tags":[],"mec_category":[],"class_list":["post-3919","mec-events","type-mec-events","status-publish","hentry"],"translation":{"provider":"WPGlobus","version":"3.0.0","language":"en","enabled_languages":["de","en"],"languages":{"de":{"title":true,"content":true,"excerpt":false},"en":{"title":false,"content":false,"excerpt":false}}},"_links":{"self":[{"href":"https:\/\/www.fsr-verkehr.de\/en\/wp-json\/wp\/v2\/mec-events\/3919","targetHints":{"allow":["GET"]}}],"collection":[{"href":"https:\/\/www.fsr-verkehr.de\/en\/wp-json\/wp\/v2\/mec-events"}],"about":[{"href":"https:\/\/www.fsr-verkehr.de\/en\/wp-json\/wp\/v2\/types\/mec-events"}],"author":[{"embeddable":true,"href":"https:\/\/www.fsr-verkehr.de\/en\/wp-json\/wp\/v2\/users\/4"}],"replies":[{"embeddable":true,"href":"https:\/\/www.fsr-verkehr.de\/en\/wp-json\/wp\/v2\/comments?post=3919"}],"wp:attachment":[{"href":"https:\/\/www.fsr-verkehr.de\/en\/wp-json\/wp\/v2\/media?parent=3919"}],"wp:term":[{"taxonomy":"post_tag","embeddable":true,"href":"https:\/\/www.fsr-verkehr.de\/en\/wp-json\/wp\/v2\/tags?post=3919"},{"taxonomy":"mec_category","embeddable":true,"href":"https:\/\/www.fsr-verkehr.de\/en\/wp-json\/wp\/v2\/mec_category?post=3919"}],"curies":[{"name":"wp","href":"https:\/\/api.w.org\/{rel}","templated":true}]}}

<p>Am Dienstag, den 12.07.2022, hält Prof. Becker in der 2. DS (09:20 Uhr) seine letzte Vorlesung zum Thema &#8220;Verkehrswende: Was bedeutet das konkret?&#8221;. Die Vorlesung findet im Rahmen der Grundlagenvorlesung &#8220;Umwelt und Verkehr&#8221; statt, ist jedoch für alle alle Studiengänge und Gasthörer:innen geöffnet.</p>



<p>Wir laden alle Studierenden der Fakultät recht herzlich ein vorbeizukommen!</p>

<p>Am Dienstag, den 12.07.2022, hält Prof. Becker in der 2. DS (09:20 Uhr) seine letzte Vorlesung zum Thema &#8220;Verkehrswende: Was bedeutet das konkret?&#8221;. Die Vorlesung …</p>
