{"id":4630,"date":"2022-11-30T10:06:52","date_gmt":"2022-11-30T09:06:52","guid":{"rendered":"https:\/\/fsr-verkehr.de\/?post_type=mec-events&#038;p=4630"},"modified":"2023-01-30T21:37:01","modified_gmt":"2023-01-30T20:37:01","slug":"fsr-sitzung-am-30-01-2023-230-997","status":"publish","type":"mec-events","link":"https:\/\/www.fsr-verkehr.de\/en\/events\/fsr-sitzung-am-30-01-2023-230-997\/","title":{"rendered":"FSR Sitzung am 30.01.2023"},"content":{"rendered":"\n<p>Am 30.01.2023 um 20:05 Uhr fand wieder eine Sitzung des FSR-Verkehr<strong> im <a href=\"https:\/\/navigator.tu-dresden.de\/raum\/325401.0010\">POT\/13<\/a> <\/strong>statt. An der Sitzung konntet ihr auch <strong>unter <a href=\"https:\/\/selfservice.zih.tu-dresden.de\/l\/link.php?m=193845&amp;p=8b28dcf4\">diesem Link<\/a> <\/strong>online teilhaben. Stimmrecht konnten aber nur diejenigen Mitglieder haben, die in Pr\u00e4senz an der Sitzung teilnahmen!<\/p>\n\n\n\n<p><strong>Sitzungszusammenfassung<\/strong><\/p>\n\n\n\n<ul class=\"wp-block-list\">\n<li><strong>0. Formalia<\/strong><\/li>\n\n\n\n<li><strong>1. Gremien<\/strong>\n\n\n\n\n\n\n\n\n\n\n\n\n<ul class=\"wp-block-list\">\n<li>Studienkommission VIW\/BSI\/LuLo\/EVS:\n<ul class=\"wp-block-list\">\n<li>Akkreditierung von VIW und LuLo, diese Studieng\u00e4nge waren zun\u00e4chst befristet akkreditiert, nun hat man in den Letzen Monaten das ganze \u00fcberarbeitet und der VIW ist bis 2029 und LuLo (ATL) bis 2030 akkreditiert- dies ist die maximal m\u00f6gliche Dauer f\u00fcr eine Akkreditierung<\/li>\n\n\n\n<li>AG Bachelor wird nun zweiw\u00f6chig tagen und der Stuko berichten, die diese Ergebnisse \u00fcberarbeitet und beschlie\u00dft. In dieser sitzen aktuell 13 Personen<\/li>\n\n\n\n<li>Diskussion \u00fcber ein Papier zum Fakult\u00e4tsleitbild und dem, wozu Absolventen der zuk\u00fcnftige Studieng\u00e4nge bef\u00e4higt werden sollen<\/li>\n<\/ul>\n<\/li>\n<\/ul>\n\n\n\n<ul class=\"wp-block-list\">\n<li>Pr\u00fcfungsausschuss VIW: \n<ul class=\"wp-block-list\">\n<li>tagt morgen (Dienstag, den 31.01.2023), es steht das Abmelden von Pr\u00fcfungen im Krankheitsfall an, es soll ein neues Formular eingef\u00fchrt werden, indem auch \u00fcber Symptome aufgekl\u00e4rt werden soll<\/li>\n<\/ul>\n<\/li>\n<\/ul>\n<\/li>\n\n\n\n<li><strong>2. Wahlen und Entsendungen<\/strong>\n<ul class=\"wp-block-list\">\n<li>2.1 <em>Stuko <\/em>VWI\/TEc-<em> mangels Kandidierende auf n\u00e4chste Sitzung vertagt<\/em><\/li>\n\n\n\n<li>2.2 <em>Stugako LuLo<\/em>&#8211; <em>mangels Kandidierende auf n\u00e4chste Sitzung vertagt<\/em><\/li>\n<\/ul>\n<\/li>\n\n\n\n<li><strong>3.  FA Netzwerkkabel zum Druckeranschluss<\/strong>\n<ul class=\"wp-block-list\">\n<li><em>Beschluss des Finanzantrags<\/em><\/li>\n<\/ul>\n<\/li>\n\n\n\n<li><strong>5. FA Bildtrommel (Y\/C\/K)<\/strong>\n<ul class=\"wp-block-list\">\n<li><em>Beschluss des Finanzantrags<\/em><\/li>\n<\/ul>\n<\/li>\n\n\n\n<li><strong>6. Sitzungstermine Vorlesungsfreie Zeit:<\/strong>\n<ul class=\"wp-block-list\">\n<li>Am 27.02. und 20.03<strong>.<\/strong> soll jeweils um 18:30 Uhr eine Sitzung des FSR-Verkehr stattfinden- <em>Beschluss der Termine<\/em><\/li>\n<\/ul>\n<\/li>\n\n\n\n<li><strong>7. B\u00fcro\u00f6ffnungszeiten Pr\u00fcfungsphase<\/strong>\n<ul class=\"wp-block-list\">\n<li>Das B\u00fcro ist in der Pr\u00fcfungsphase jeweils Dienstag und Donnerstag von 10:00 Uhr bis 12:00 Uhr und von 13:00 Uhr bis 15:00 Uhr ge\u00f6ffnet<\/li>\n<\/ul>\n<\/li>\n\n\n\n<li><strong>8. Ressorth\u00fcte<\/strong>\n<ul class=\"wp-block-list\">\n<li>Festlegung der Ressorth\u00fcte<\/li>\n<\/ul>\n<\/li>\n\n\n\n<li><strong>10. Ressorts<\/strong>\n<ul class=\"wp-block-list\">\n<li>Schlie\u00dff\u00e4cher: kurzer \u00dcberblick \u00fcber die neuen Schlie\u00dff\u00e4cher<\/li>\n\n\n\n<li>Nachhaltigkeit: alle, die daran interessiert waren, hatten sich in der letzten Woche an der TU Dresden getroffen, folgende zwei Punkte sollen angegangen werden:\n<ul class=\"wp-block-list\">\n<li>FSR \/ Stura\/TU Datenbank zum Materialverleih soll aufgebaut werden<\/li>\n\n\n\n<li>\u00d6kologischer Fu\u00dfabdruck der verschiedenen Mensaessen sollen erstellt werden<\/li>\n<\/ul>\n<\/li>\n<\/ul>\n<\/li>\n\n\n\n<li><strong>11. Bericht von Sprechenden und Finanzer<\/strong>\n<ul class=\"wp-block-list\">\n<li><em>Bericht vom Dekanatstreffen am letzten Mittwoch:<\/em>\n<ul class=\"wp-block-list\">\n<li>Auswertung Uni-Tag, es steht im Raum, dass Getr\u00e4nke und Kuchen zur Verf\u00fcgung gestellt werden, dieser wird am 13.05. stattfinden<\/li>\n\n\n\n<li>Lange Nacht der Wissenschaften am 30.06. soll gr\u00f6\u00dfer aufgezogen werden, hier soll das &#8220;Gehzeug&#8221; verwendet werden<\/li>\n\n\n\n<li>Tag der Fakult\u00e4t k\u00f6nnte man ja mal \u00fcberarbeiten, diese Veranstaltung k\u00f6nnte man entweder in Absolvententreffen umbenennen oder tats\u00e4chlich einen Tag der Fakult\u00e4t anbieten<\/li>\n\n\n\n<li>Lehrpreis: Problem der geringeren Pr\u00fcfungsteilnehmendenzahlen, es soll im Bereich doch nachgefragt werden, wie diese Daten aus Selma \u00fcbertragen werden k\u00f6nnen<\/li>\n\n\n\n<li>Es soll ein neuer Evaluationsbogen erstellt werden, der den Fokus nicht auf die Online-Lehre setzen soll, zudem soll eine neue Form der Evaluation eingef\u00fchrt werden<\/li>\n\n\n\n<li>Studiengangs\u00fcbertritt: Man beginnt f\u00fcr die Erstellung des \u00dcbertritts eine Website f\u00fcr die aktuellen Drittsemester VIW, zudem soll es im Kompass Hauptstudium eine weitere Veranstaltung, zudem soll eine Veranstaltung f\u00fcr h\u00f6here Semester angeboten werden<\/li>\n\n\n\n<li>Bei ERASMUS &#8211; Austauschprogrammen ist es schwer, skandinavische Unis hierf\u00fcr zu gewinnen, da diese bereits mehr Incomer als Outcomer haben<\/li>\n<\/ul>\n<\/li>\n\n\n\n<li>Es soll ein Leitfaden erarbeitet werden, der Studis die M\u00f6glichkeit geben soll, die angebotenen Studieng\u00e4nge an der alten Schule vorzustellen<\/li>\n<\/ul>\n<\/li>\n\n\n\n<li><strong>12. Sonstiges<\/strong>\n<ul class=\"wp-block-list\">\n<li>Verkehrspolitik: Wer Themen hat, kann gerne auf das Ressort zur\u00fcckkommen<\/li>\n\n\n\n<li>Der Posten des Stugako VIW sucht weiterhin nach einer Person, die dieses Amt in Zukunft \u00fcbernimmt, ebenso wie die Stuko VWI\/TEc<\/li>\n\n\n\n<li>Verkehrte Welt: Es wird eine Exkursion nach M\u00fchldorf in Bayern geben, Vorsitzender ist nun nicht mehr Malte, sondern Johannes, Einladung zur n\u00e4chsten Vereinssitzng am Mittwoch, den 01.02. um 17:30 im POT\/13<\/li>\n<\/ul>\n<\/li>\n<\/ul>\n\n\n\n<p>Wenn ihr selbst Tagesordnungspunkte oder Finanzantr\u00e4ge einbringen wollt, k\u00f6nnt ihr euch bis Donnerstagabend bei den <a href=\"mailto:sprecher.fsrverkehr@tu-dresden.de\">Sprechern des FSR melden<\/a>.<\/p>\n\n\n\n<p>Bei Fragen k\u00f6nnt ihr uns wie immer gerne <a href=\"https:\/\/fsr-verkehr.de\/kontakt\/\">anschreiben<\/a> oder ansprechen.<\/p>\n\n\n\n<p>Wir freuen uns auf euer Kommen!<\/p>\n","protected":false},"excerpt":{"rendered":"<p>Am 30.01.2023 um 20:05 Uhr fand wieder eine Sitzung des FSR-Verkehr im POT\/13 statt. An der Sitzung konntet ihr auch unter diesem Link online teilhaben. \u2026<\/p>\n","protected":false},"author":5,"featured_media":3849,"comment_status":"closed","ping_status":"closed","template":"","tags":[],"mec_category":[75],"class_list":["post-4630","mec-events","type-mec-events","status-publish","has-post-thumbnail","hentry","mec_category-fsr-sitzung"],"translation":{"provider":"WPGlobus","version":"3.0.0","language":"en","enabled_languages":["de","en"],"languages":{"de":{"title":true,"content":true,"excerpt":false},"en":{"title":false,"content":false,"excerpt":false}}},"_links":{"self":[{"href":"https:\/\/www.fsr-verkehr.de\/en\/wp-json\/wp\/v2\/mec-events\/4630","targetHints":{"allow":["GET"]}}],"collection":[{"href":"https:\/\/www.fsr-verkehr.de\/en\/wp-json\/wp\/v2\/mec-events"}],"about":[{"href":"https:\/\/www.fsr-verkehr.de\/en\/wp-json\/wp\/v2\/types\/mec-events"}],"author":[{"embeddable":true,"href":"https:\/\/www.fsr-verkehr.de\/en\/wp-json\/wp\/v2\/users\/5"}],"replies":[{"embeddable":true,"href":"https:\/\/www.fsr-verkehr.de\/en\/wp-json\/wp\/v2\/comments?post=4630"}],"wp:featuredmedia":[{"embeddable":true,"href":"https:\/\/www.fsr-verkehr.de\/en\/wp-json\/wp\/v2\/media\/3849"}],"wp:attachment":[{"href":"https:\/\/www.fsr-verkehr.de\/en\/wp-json\/wp\/v2\/media?parent=4630"}],"wp:term":[{"taxonomy":"post_tag","embeddable":true,"href":"https:\/\/www.fsr-verkehr.de\/en\/wp-json\/wp\/v2\/tags?post=4630"},{"taxonomy":"mec_category","embeddable":true,"href":"https:\/\/www.fsr-verkehr.de\/en\/wp-json\/wp\/v2\/mec_category?post=4630"}],"curies":[{"name":"wp","href":"https:\/\/api.w.org\/{rel}","templated":true}]}}

<p>Am 30.01.2023 um 20:05 Uhr fand wieder eine Sitzung des FSR-Verkehr<strong> im <a href="https://navigator.tu-dresden.de/raum/325401.0010">POT/13</a> </strong>statt. An der Sitzung konntet ihr auch <strong>unter <a href="https://selfservice.zih.tu-dresden.de/l/link.php?m=193845&amp;p=8b28dcf4">diesem Link</a> </strong>online teilhaben. Stimmrecht konnten aber nur diejenigen Mitglieder haben, die in Präsenz an der Sitzung teilnahmen!</p>



<p><strong>Sitzungszusammenfassung</strong></p>



<ul class="wp-block-list">
<li><strong>0. Formalia</strong></li>



<li><strong>1. Gremien</strong>












<ul class="wp-block-list">
<li>Studienkommission VIW/BSI/LuLo/EVS:
<ul class="wp-block-list">
<li>Akkreditierung von VIW und LuLo, diese Studiengänge waren zunächst befristet akkreditiert, nun hat man in den Letzen Monaten das ganze überarbeitet und der VIW ist bis 2029 und LuLo (ATL) bis 2030 akkreditiert- dies ist die maximal mögliche Dauer für eine Akkreditierung</li>



<li>AG Bachelor wird nun zweiwöchig tagen und der Stuko berichten, die diese Ergebnisse überarbeitet und beschließt. In dieser sitzen aktuell 13 Personen</li>



<li>Diskussion über ein Papier zum Fakultätsleitbild und dem, wozu Absolventen der zukünftige Studiengänge befähigt werden sollen</li>
</ul>
</li>
</ul>



<ul class="wp-block-list">
<li>Prüfungsausschuss VIW: 
<ul class="wp-block-list">
<li>tagt morgen (Dienstag, den 31.01.2023), es steht das Abmelden von Prüfungen im Krankheitsfall an, es soll ein neues Formular eingeführt werden, indem auch über Symptome aufgeklärt werden soll</li>
</ul>
</li>
</ul>
</li>



<li><strong>2. Wahlen und Entsendungen</strong>
<ul class="wp-block-list">
<li>2.1 <em>Stuko </em>VWI/TEc-<em> mangels Kandidierende auf nächste Sitzung vertagt</em></li>



<li>2.2 <em>Stugako LuLo</em>&#8211; <em>mangels Kandidierende auf nächste Sitzung vertagt</em></li>
</ul>
</li>



<li><strong>3.  FA Netzwerkkabel zum Druckeranschluss</strong>
<ul class="wp-block-list">
<li><em>Beschluss des Finanzantrags</em></li>
</ul>
</li>



<li><strong>5. FA Bildtrommel (Y/C/K)</strong>
<ul class="wp-block-list">
<li><em>Beschluss des Finanzantrags</em></li>
</ul>
</li>



<li><strong>6. Sitzungstermine Vorlesungsfreie Zeit:</strong>
<ul class="wp-block-list">
<li>Am 27.02. und 20.03<strong>.</strong> soll jeweils um 18:30 Uhr eine Sitzung des FSR-Verkehr stattfinden- <em>Beschluss der Termine</em></li>
</ul>
</li>



<li><strong>7. Büroöffnungszeiten Prüfungsphase</strong>
<ul class="wp-block-list">
<li>Das Büro ist in der Prüfungsphase jeweils Dienstag und Donnerstag von 10:00 Uhr bis 12:00 Uhr und von 13:00 Uhr bis 15:00 Uhr geöffnet</li>
</ul>
</li>



<li><strong>8. Ressorthüte</strong>
<ul class="wp-block-list">
<li>Festlegung der Ressorthüte</li>
</ul>
</li>



<li><strong>10. Ressorts</strong>
<ul class="wp-block-list">
<li>Schließfächer: kurzer Überblick über die neuen Schließfächer</li>



<li>Nachhaltigkeit: alle, die daran interessiert waren, hatten sich in der letzten Woche an der TU Dresden getroffen, folgende zwei Punkte sollen angegangen werden:
<ul class="wp-block-list">
<li>FSR / Stura/TU Datenbank zum Materialverleih soll aufgebaut werden</li>



<li>Ökologischer Fußabdruck der verschiedenen Mensaessen sollen erstellt werden</li>
</ul>
</li>
</ul>
</li>



<li><strong>11. Bericht von Sprechenden und Finanzer</strong>
<ul class="wp-block-list">
<li><em>Bericht vom Dekanatstreffen am letzten Mittwoch:</em>
<ul class="wp-block-list">
<li>Auswertung Uni-Tag, es steht im Raum, dass Getränke und Kuchen zur Verfügung gestellt werden, dieser wird am 13.05. stattfinden</li>



<li>Lange Nacht der Wissenschaften am 30.06. soll größer aufgezogen werden, hier soll das &#8220;Gehzeug&#8221; verwendet werden</li>



<li>Tag der Fakultät könnte man ja mal überarbeiten, diese Veranstaltung könnte man entweder in Absolvententreffen umbenennen oder tatsächlich einen Tag der Fakultät anbieten</li>



<li>Lehrpreis: Problem der geringeren Prüfungsteilnehmendenzahlen, es soll im Bereich doch nachgefragt werden, wie diese Daten aus Selma übertragen werden können</li>



<li>Es soll ein neuer Evaluationsbogen erstellt werden, der den Fokus nicht auf die Online-Lehre setzen soll, zudem soll eine neue Form der Evaluation eingeführt werden</li>



<li>Studiengangsübertritt: Man beginnt für die Erstellung des Übertritts eine Website für die aktuellen Drittsemester VIW, zudem soll es im Kompass Hauptstudium eine weitere Veranstaltung, zudem soll eine Veranstaltung für höhere Semester angeboten werden</li>



<li>Bei ERASMUS &#8211; Austauschprogrammen ist es schwer, skandinavische Unis hierfür zu gewinnen, da diese bereits mehr Incomer als Outcomer haben</li>
</ul>
</li>



<li>Es soll ein Leitfaden erarbeitet werden, der Studis die Möglichkeit geben soll, die angebotenen Studiengänge an der alten Schule vorzustellen</li>
</ul>
</li>



<li><strong>12. Sonstiges</strong>
<ul class="wp-block-list">
<li>Verkehrspolitik: Wer Themen hat, kann gerne auf das Ressort zurückkommen</li>



<li>Der Posten des Stugako VIW sucht weiterhin nach einer Person, die dieses Amt in Zukunft übernimmt, ebenso wie die Stuko VWI/TEc</li>



<li>Verkehrte Welt: Es wird eine Exkursion nach Mühldorf in Bayern geben, Vorsitzender ist nun nicht mehr Malte, sondern Johannes, Einladung zur nächsten Vereinssitzng am Mittwoch, den 01.02. um 17:30 im POT/13</li>
</ul>
</li>
</ul>



<p>Wenn ihr selbst Tagesordnungspunkte oder Finanzanträge einbringen wollt, könnt ihr euch bis Donnerstagabend bei den <a href="mailto:sprecher.fsrverkehr@tu-dresden.de">Sprechern des FSR melden</a>.</p>



<p>Bei Fragen könnt ihr uns wie immer gerne <a href="https://fsr-verkehr.de/kontakt/">anschreiben</a> oder ansprechen.</p>



<p>Wir freuen uns auf euer Kommen!</p>
