{"id":4865,"date":"2023-01-31T15:30:16","date_gmt":"2023-01-31T14:30:16","guid":{"rendered":"https:\/\/www.fsr-verkehr.de\/?post_type=mec-events&#038;p=4865"},"modified":"2023-02-27T22:58:20","modified_gmt":"2023-02-27T21:58:20","slug":"fsr-sitzung-am-27-02-2023","status":"publish","type":"mec-events","link":"https:\/\/www.fsr-verkehr.de\/en\/events\/fsr-sitzung-am-27-02-2023","title":{"rendered":"FSR-Feriensitzung am 27.02.2023"},"content":{"rendered":"\n<p>Am <strong>27.02.2023 um 18:30 Uhr <\/strong>fand eine Sitzung des FSR-Verkehrs hybrid mit Stimmrecht <strong>ausschlie\u00dflich in <a href=\"https:\/\/selfservice.zih.tu-dresden.de\/l\/link.php?m=195847&amp;p=4539189c\">diesem BBB-Raum<\/a><\/strong> statt.<\/p>\n\n\n\n<p>Wer in Pr\u00e4senz kommen mag, kann sich gerne in den POT-13 setzen, denn dorthin werden wir die Sitzung \u00fcbertragen. Jedoch m\u00fcssen insbesondere Mitglieder des FSR gleichzeitig im BBB-Raum eingeloggt sein, um ggf. dort abstimmen zu k\u00f6nnen.<\/p>\n\n\n\n<p><strong>Sitzungszusammenfassung<\/strong><\/p>\n\n\n\n<ul class=\"wp-block-list\">\n<li><strong>0. Formalia<\/strong><\/li>\n\n\n\n<li><strong>1. Gremien<\/strong> \n<ul class=\"wp-block-list\">\n<li>Pr\u00fcfungsausschuss VIW\/BSI\/LuLo\/EVS: <em>tagte am 31.01.2023<\/em><\/li>\n<\/ul>\n\n\n\n<ul class=\"wp-block-list\">\n<li>Studienkommission VIW\/BSI\/LuLo\/EVS: <em>tagte am 20.02.2023<\/em>\n<ul class=\"wp-block-list\">\n<li>Beschluss der Eignugsfeststellungsordnung f\u00fcr den neuen Studiengang ATL<\/li>\n\n\n\n<li>Vorstellung der Beitrittsbeschl\u00fcsse f\u00fcr ATL und BSI<\/li>\n<\/ul>\n<\/li>\n\n\n\n<li>Studienkommission VWI\/TEC: \n<ul class=\"wp-block-list\">\n<li>Probleme bei der Anerkennung von Pr\u00fcfungsleistungen bei internationalen Studierenden<\/li>\n\n\n\n<li>Es soll einen Wegweiser Master geben, allerdings bisher ohne Alumnis<\/li>\n\n\n\n<li>Neuordnung der Pr\u00fcfungsform ist m\u00f6glich und soll nun via OPAL angek\u00fcndigt werden<\/li>\n\n\n\n<li>bestimmte Berufe k\u00f6nnen nun auch als Praktikum anerkannt werden<\/li>\n\n\n\n<li>Eignungsfeststellungsordnung wird angepasst<\/li>\n\n\n\n<li>Im neuen Bachelor ist nun auch ein Teilzeitstudium m\u00f6glich<\/li>\n<\/ul>\n<\/li>\n\n\n\n<li>Fakult\u00e4tsrat <em>tagte am 06.02<\/em>:\n<ul class=\"wp-block-list\">\n<li>Professur f\u00fcr Bahnsysteme: Es sind Probevortr\u00e4ge im M\u00e4rz geplant<\/li>\n\n\n\n<li>aktueller Stand des Berufungsgeschehens f\u00fcr Schienenfahrwege: Es soll hier eine weitere Sondersitzung geben<\/li>\n\n\n\n<li>Qualifikationsziele des neuen Bachelors wurden anhand eines Dokuments diskutiert und \u00c4nderungen sind eingearbeitet worden<\/li>\n\n\n\n<li>Vorbereitung auf den Besuch bei der Rektorin am 15.05.2023, angesprochen werden sollen die Lehre und weitere Forschungskooperationen<\/li>\n\n\n\n<li>Der Fakult\u00e4tsrat wird auch weiterhin hybrid tagen<\/li>\n<\/ul>\n<\/li>\n\n\n\n<li>Stura tagte am 02.02 und am 19.02.2023\n<ul class=\"wp-block-list\">\n<li>alles, was die Uni betrifft, wird demn\u00e4chst auf die zwei Faktor Authentifizierung umgestellt<\/li>\n\n\n\n<li>es wird demn\u00e4chst ein neuer Hochleistungrechner in Betrieb gehen<\/li>\n\n\n\n<li>Moritz Jahn wurde als Referent ins Referat Mobilit\u00e4tsentwicklung entsandt<\/li>\n\n\n\n<li>Micha wurde in die Kommission entsandt, ebenso wie Cao und bleibt weiter im Sitzungsvorstand<\/li>\n\n\n\n<li>Arbeitskreis Q wurde entsandt mit den gleichen Personen<\/li>\n\n\n\n<li>FA f\u00fcr ein Programmakkreditierungsseminar soll stattfinden, demn\u00e4chst soll es so etwas auch f\u00fcr Stukos und Stugakos geben<\/li>\n\n\n\n<li>Demonstration vom 13.02. wurde vom Stura gef\u00f6rdert<\/li>\n\n\n\n<li>Bericht \u00fcber die TUUwi, es ging um die Mensen und dem bundesweiten Papier Mensarevolution, indem gefordert wird, dass man die Essenszusammenstellung umstellt, Stura hat sich diesem Papier angeschlossen<\/li>\n\n\n\n<li>Bericht aus dem Referat Mobilit\u00e4t, der Stura hat nun Geld f\u00fcr die R\u00fcckerstattung erhalten, hier wird gerade \u00fcberlegt, wie man das verwenden m\u00f6chte<\/li>\n\n\n\n<li>Debatte um Beitragserh\u00f6hung m\u00f6chte man von studentischer Seite weiter diskutieren<\/li>\n\n\n\n<li>Anerkennung von weiteren Hochschulgruppen und weitere Entsendungen<\/li>\n\n\n\n<li>Werbeflyer f\u00fcr studentische Initiative wurden genehmigt<\/li>\n\n\n\n<li>Es reisen einzelne Mitglieder zur Mitgliedersitzung des FZS <\/li>\n\n\n\n<li>Stura hat Demos am 24.02. mobilisiert und unterst\u00fctzt, auf der man sich mit der Ukraine solidarisiert<\/li>\n\n\n\n<li>KSS Beitrag soll von 30 Cent\/Studi auf 50 Cent\/Studi erh\u00f6ht werden, das das Personal hier aufgestockt werden soll und die Belastung besser verteilt werden kann<\/li>\n<\/ul>\n<\/li>\n<\/ul>\n<\/li>\n\n\n\n<li><strong>2. Wahlen und Entsendungen<\/strong>\n<ul class=\"wp-block-list\">\n<li>2.1 <em>Stuko <\/em>VWI\/TEc-<em> mangels Kandidierende auf n\u00e4chste Sitzung vertagt<\/em><\/li>\n\n\n\n<li>2.2 <em>Stugako LuLo<\/em>&#8211; <em>mangels Kandidierende auf n\u00e4chste Sitzung vertagt<\/em><\/li>\n<\/ul>\n<\/li>\n\n\n\n<li><strong>3.  Studiengangsentwicklung<\/strong>\n<ul class=\"wp-block-list\">\n<li>Es soll einen VIW Bachelor mit dazugeh\u00f6rigen Mastern geben, wof\u00fcr ein Team (AG Bachelor) gebildet wurde, in diesem auch zwei studentische Mitglieder sitzen, die gerne auch eure Ideen und Anmerkungen in die zuk\u00fcnftige Entwicklung von Studieng\u00e4ngen aufnehmen. <strong><em>Wenn ihr beispielsweise einen neuen Wunsch Master oder andere Verbesserungsvorschl\u00e4ge im Kopf habt  k\u00f6nnt ihr diese gerne an Oke Brandenburg und Jasper M\u00f6rchen weiterleiten<\/em><\/strong>.<\/li>\n<\/ul>\n<\/li>\n\n\n\n<li><strong>4. Zus\u00e4tzliche Sitzung<\/strong>\n<ul class=\"wp-block-list\">\n<li>Dadurch, dass am Montag auf der Fakult\u00e4tsratssitzung die studentischen StGaKos beschlossen werden sollen, beschlie\u00dft der FSR, eine zus\u00e4tzliche Sitzung <strong><em>am Donnerstag, den 02.03.2023<\/em> <em>um 16:00 Uhr<\/em><\/strong> einzuberufen.<\/li>\n<\/ul>\n<\/li>\n\n\n\n<li><strong>5. Beschluss Feriensitzung Sommer<\/strong>\n<ul class=\"wp-block-list\">\n<li>Beschluss der Feriensitzungstermine am 24.07., 14.08. und 18.09.2023, auf denen das Stimmrecht online \u00fcber BBB wahrgenommen werden soll.<\/li>\n<\/ul>\n<\/li>\n\n\n\n<li><strong>6. Neugestaltung POT<\/strong>\n<ul class=\"wp-block-list\">\n<li>Es soll eine Arbeitsgruppe eingerichtet werden, die den POT neugestalten soll. Wer als Student Interesse daran hat, kann sich gerne beim FSR melden und aktiv an der Arbeitsgruppe teilnehmen. Ein erstes Treffen wird am 30.03. zwischen 14:00 Uhr und 15:30 Uhr stattfinden.<\/li>\n<\/ul>\n<\/li>\n\n\n\n<li><strong>7. FA FSR-Kalender<\/strong>\n<ul class=\"wp-block-list\">\n<li><em>Beschluss des Finanzantrags<\/em><\/li>\n<\/ul>\n<\/li>\n\n\n\n<li><strong>8. Beschluss Fachschaftenverteiler<\/strong>\n<ul class=\"wp-block-list\">\n<li>Der FSR Beschlie\u00dft, dass Alexander Ullrich, Kristof Halasz und Victor Nitzsche weiterhin f\u00fcr den Fachschaftenverteiler verantwortlich sind.<\/li>\n<\/ul>\n<\/li>\n\n\n\n<li><strong>9. Ressorts<\/strong>\n<ul class=\"wp-block-list\">\n<li>Sommerfest: Hat sich heute am 27.02. um 10:00 Uhr getroffen. Es wird am 21.06.2023 stattfinden<\/li>\n\n\n\n<li>OTRS: Es werden Einf\u00fchrungskurse in das System angeboten und sich auf Termine geeinigt. Diese werden online am 15.03. und 23.03. stattfinden<\/li>\n\n\n\n<li>Spieleabend: Es wird wieder ein Spieleabend geben<\/li>\n\n\n\n<li>FSR Fahrt\/Strategiewochenende: Ressorttreffen am Freitag um 14:30, dieses wird Hybrid stattfinden, der Fokus liegt hier auf dem Strategiewochenende, f\u00fcr dieses Ideen gesammelt werden sollen, wie das Ganze denn ablaufen soll <\/li>\n\n\n\n<li>B\u00fcroordnung: es wird demn\u00e4chst einen neuen Tisch geben<\/li>\n<\/ul>\n<\/li>\n\n\n\n<li><strong>10. Bericht von Sprechenden und Finanzer<\/strong>\n<ul class=\"wp-block-list\">\n<li><em>Bericht vom Dekanatstreffen am letzten Mittwoch:<\/em>\n<ul class=\"wp-block-list\">\n<li>ab dem SoSe soll die neune Evaluation getestet werden<\/li>\n\n\n\n<li>Es gibt erste Ideen, ob man mit der Uni Prag einen gemeinsamen Bachelor anbieten k\u00f6nnte<\/li>\n\n\n\n<li>Man ist dabei, weitere Unis f\u00fcr Erasmus zu akuirieren <\/li>\n\n\n\n<li>Es gibt Unternehmen, die Interesse bekundet haben, Stipendien an unserer Fakult\u00e4t zu verteilen<\/li>\n<\/ul>\n<\/li>\n<\/ul>\n<\/li>\n\n\n\n<li><strong>11. Sonstiges<\/strong>\n<ul class=\"wp-block-list\">\n<li>Der Stura schreibt gerade Stellen in der Exekutive aus, bei Interesse gerne auf der Website nachsehen<\/li>\n\n\n\n<li>Der Posten des Stugako VIW sucht weiterhin nach einer Person, die dieses Amt in Zukunft \u00fcbernimmt, ebenso wie die Stuko VWI\/TEc<\/li>\n\n\n\n<li>Die Freigabe der Campuscard ist nun f\u00fcr unsere Fakult\u00e4t freigeschaltet<\/li>\n\n\n\n<li>Die Interessengemeinschaft Studium und Behinderung(IGB) sucht eine Nachfolge<\/li>\n<\/ul>\n<\/li>\n<\/ul>\n\n\n\n<p>Bei Fragen k\u00f6nnt ihr uns wie immer gerne <a href=\"https:\/\/fsr-verkehr.de\/kontakt\/\">anschreiben<\/a> oder ansprechen. Die darauffolgende Sitzung findet am 20.03.2023 um 18:30 Uhr online mit Stimmrecht \u00fcber BBB statt.<\/p>\n\n\n\n<p>Wir freuen uns auf euer Kommen!<\/p>\n","protected":false},"excerpt":{"rendered":"<p>Am 27.02.2023 um 18:30 Uhr fand eine Sitzung des FSR-Verkehrs hybrid mit Stimmrecht ausschlie\u00dflich in diesem BBB-Raum statt. Wer in Pr\u00e4senz kommen mag, kann sich \u2026<\/p>\n","protected":false},"author":5,"featured_media":3849,"comment_status":"closed","ping_status":"closed","template":"","tags":[],"mec_category":[75],"class_list":["post-4865","mec-events","type-mec-events","status-publish","has-post-thumbnail","hentry","mec_category-fsr-sitzung"],"translation":{"provider":"WPGlobus","version":"3.0.0","language":"en","enabled_languages":["de","en"],"languages":{"de":{"title":true,"content":true,"excerpt":false},"en":{"title":false,"content":false,"excerpt":false}}},"_links":{"self":[{"href":"https:\/\/www.fsr-verkehr.de\/en\/wp-json\/wp\/v2\/mec-events\/4865","targetHints":{"allow":["GET"]}}],"collection":[{"href":"https:\/\/www.fsr-verkehr.de\/en\/wp-json\/wp\/v2\/mec-events"}],"about":[{"href":"https:\/\/www.fsr-verkehr.de\/en\/wp-json\/wp\/v2\/types\/mec-events"}],"author":[{"embeddable":true,"href":"https:\/\/www.fsr-verkehr.de\/en\/wp-json\/wp\/v2\/users\/5"}],"replies":[{"embeddable":true,"href":"https:\/\/www.fsr-verkehr.de\/en\/wp-json\/wp\/v2\/comments?post=4865"}],"wp:featuredmedia":[{"embeddable":true,"href":"https:\/\/www.fsr-verkehr.de\/en\/wp-json\/wp\/v2\/media\/3849"}],"wp:attachment":[{"href":"https:\/\/www.fsr-verkehr.de\/en\/wp-json\/wp\/v2\/media?parent=4865"}],"wp:term":[{"taxonomy":"post_tag","embeddable":true,"href":"https:\/\/www.fsr-verkehr.de\/en\/wp-json\/wp\/v2\/tags?post=4865"},{"taxonomy":"mec_category","embeddable":true,"href":"https:\/\/www.fsr-verkehr.de\/en\/wp-json\/wp\/v2\/mec_category?post=4865"}],"curies":[{"name":"wp","href":"https:\/\/api.w.org\/{rel}","templated":true}]}}

<p>Am <strong>27.02.2023 um 18:30 Uhr </strong>fand eine Sitzung des FSR-Verkehrs hybrid mit Stimmrecht <strong>ausschließlich in <a href="https://selfservice.zih.tu-dresden.de/l/link.php?m=195847&amp;p=4539189c">diesem BBB-Raum</a></strong> statt.</p>



<p>Wer in Präsenz kommen mag, kann sich gerne in den POT-13 setzen, denn dorthin werden wir die Sitzung übertragen. Jedoch müssen insbesondere Mitglieder des FSR gleichzeitig im BBB-Raum eingeloggt sein, um ggf. dort abstimmen zu können.</p>



<p><strong>Sitzungszusammenfassung</strong></p>



<ul class="wp-block-list">
<li><strong>0. Formalia</strong></li>



<li><strong>1. Gremien</strong> 
<ul class="wp-block-list">
<li>Prüfungsausschuss VIW/BSI/LuLo/EVS: <em>tagte am 31.01.2023</em></li>
</ul>



<ul class="wp-block-list">
<li>Studienkommission VIW/BSI/LuLo/EVS: <em>tagte am 20.02.2023</em>
<ul class="wp-block-list">
<li>Beschluss der Eignugsfeststellungsordnung für den neuen Studiengang ATL</li>



<li>Vorstellung der Beitrittsbeschlüsse für ATL und BSI</li>
</ul>
</li>



<li>Studienkommission VWI/TEC: 
<ul class="wp-block-list">
<li>Probleme bei der Anerkennung von Prüfungsleistungen bei internationalen Studierenden</li>



<li>Es soll einen Wegweiser Master geben, allerdings bisher ohne Alumnis</li>



<li>Neuordnung der Prüfungsform ist möglich und soll nun via OPAL angekündigt werden</li>



<li>bestimmte Berufe können nun auch als Praktikum anerkannt werden</li>



<li>Eignungsfeststellungsordnung wird angepasst</li>



<li>Im neuen Bachelor ist nun auch ein Teilzeitstudium möglich</li>
</ul>
</li>



<li>Fakultätsrat <em>tagte am 06.02</em>:
<ul class="wp-block-list">
<li>Professur für Bahnsysteme: Es sind Probevorträge im März geplant</li>



<li>aktueller Stand des Berufungsgeschehens für Schienenfahrwege: Es soll hier eine weitere Sondersitzung geben</li>



<li>Qualifikationsziele des neuen Bachelors wurden anhand eines Dokuments diskutiert und Änderungen sind eingearbeitet worden</li>



<li>Vorbereitung auf den Besuch bei der Rektorin am 15.05.2023, angesprochen werden sollen die Lehre und weitere Forschungskooperationen</li>



<li>Der Fakultätsrat wird auch weiterhin hybrid tagen</li>
</ul>
</li>



<li>Stura tagte am 02.02 und am 19.02.2023
<ul class="wp-block-list">
<li>alles, was die Uni betrifft, wird demnächst auf die zwei Faktor Authentifizierung umgestellt</li>



<li>es wird demnächst ein neuer Hochleistungrechner in Betrieb gehen</li>



<li>Moritz Jahn wurde als Referent ins Referat Mobilitätsentwicklung entsandt</li>



<li>Micha wurde in die Kommission entsandt, ebenso wie Cao und bleibt weiter im Sitzungsvorstand</li>



<li>Arbeitskreis Q wurde entsandt mit den gleichen Personen</li>



<li>FA für ein Programmakkreditierungsseminar soll stattfinden, demnächst soll es so etwas auch für Stukos und Stugakos geben</li>



<li>Demonstration vom 13.02. wurde vom Stura gefördert</li>



<li>Bericht über die TUUwi, es ging um die Mensen und dem bundesweiten Papier Mensarevolution, indem gefordert wird, dass man die Essenszusammenstellung umstellt, Stura hat sich diesem Papier angeschlossen</li>



<li>Bericht aus dem Referat Mobilität, der Stura hat nun Geld für die Rückerstattung erhalten, hier wird gerade überlegt, wie man das verwenden möchte</li>



<li>Debatte um Beitragserhöhung möchte man von studentischer Seite weiter diskutieren</li>



<li>Anerkennung von weiteren Hochschulgruppen und weitere Entsendungen</li>



<li>Werbeflyer für studentische Initiative wurden genehmigt</li>



<li>Es reisen einzelne Mitglieder zur Mitgliedersitzung des FZS </li>



<li>Stura hat Demos am 24.02. mobilisiert und unterstützt, auf der man sich mit der Ukraine solidarisiert</li>



<li>KSS Beitrag soll von 30 Cent/Studi auf 50 Cent/Studi erhöht werden, das das Personal hier aufgestockt werden soll und die Belastung besser verteilt werden kann</li>
</ul>
</li>
</ul>
</li>



<li><strong>2. Wahlen und Entsendungen</strong>
<ul class="wp-block-list">
<li>2.1 <em>Stuko </em>VWI/TEc-<em> mangels Kandidierende auf nächste Sitzung vertagt</em></li>



<li>2.2 <em>Stugako LuLo</em>&#8211; <em>mangels Kandidierende auf nächste Sitzung vertagt</em></li>
</ul>
</li>



<li><strong>3.  Studiengangsentwicklung</strong>
<ul class="wp-block-list">
<li>Es soll einen VIW Bachelor mit dazugehörigen Mastern geben, wofür ein Team (AG Bachelor) gebildet wurde, in diesem auch zwei studentische Mitglieder sitzen, die gerne auch eure Ideen und Anmerkungen in die zukünftige Entwicklung von Studiengängen aufnehmen. <strong><em>Wenn ihr beispielsweise einen neuen Wunsch Master oder andere Verbesserungsvorschläge im Kopf habt  könnt ihr diese gerne an Oke Brandenburg und Jasper Mörchen weiterleiten</em></strong>.</li>
</ul>
</li>



<li><strong>4. Zusätzliche Sitzung</strong>
<ul class="wp-block-list">
<li>Dadurch, dass am Montag auf der Fakultätsratssitzung die studentischen StGaKos beschlossen werden sollen, beschließt der FSR, eine zusätzliche Sitzung <strong><em>am Donnerstag, den 02.03.2023</em> <em>um 16:00 Uhr</em></strong> einzuberufen.</li>
</ul>
</li>



<li><strong>5. Beschluss Feriensitzung Sommer</strong>
<ul class="wp-block-list">
<li>Beschluss der Feriensitzungstermine am 24.07., 14.08. und 18.09.2023, auf denen das Stimmrecht online über BBB wahrgenommen werden soll.</li>
</ul>
</li>



<li><strong>6. Neugestaltung POT</strong>
<ul class="wp-block-list">
<li>Es soll eine Arbeitsgruppe eingerichtet werden, die den POT neugestalten soll. Wer als Student Interesse daran hat, kann sich gerne beim FSR melden und aktiv an der Arbeitsgruppe teilnehmen. Ein erstes Treffen wird am 30.03. zwischen 14:00 Uhr und 15:30 Uhr stattfinden.</li>
</ul>
</li>



<li><strong>7. FA FSR-Kalender</strong>
<ul class="wp-block-list">
<li><em>Beschluss des Finanzantrags</em></li>
</ul>
</li>



<li><strong>8. Beschluss Fachschaftenverteiler</strong>
<ul class="wp-block-list">
<li>Der FSR Beschließt, dass Alexander Ullrich, Kristof Halasz und Victor Nitzsche weiterhin für den Fachschaftenverteiler verantwortlich sind.</li>
</ul>
</li>



<li><strong>9. Ressorts</strong>
<ul class="wp-block-list">
<li>Sommerfest: Hat sich heute am 27.02. um 10:00 Uhr getroffen. Es wird am 21.06.2023 stattfinden</li>



<li>OTRS: Es werden Einführungskurse in das System angeboten und sich auf Termine geeinigt. Diese werden online am 15.03. und 23.03. stattfinden</li>



<li>Spieleabend: Es wird wieder ein Spieleabend geben</li>



<li>FSR Fahrt/Strategiewochenende: Ressorttreffen am Freitag um 14:30, dieses wird Hybrid stattfinden, der Fokus liegt hier auf dem Strategiewochenende, für dieses Ideen gesammelt werden sollen, wie das Ganze denn ablaufen soll </li>



<li>Büroordnung: es wird demnächst einen neuen Tisch geben</li>
</ul>
</li>



<li><strong>10. Bericht von Sprechenden und Finanzer</strong>
<ul class="wp-block-list">
<li><em>Bericht vom Dekanatstreffen am letzten Mittwoch:</em>
<ul class="wp-block-list">
<li>ab dem SoSe soll die neune Evaluation getestet werden</li>



<li>Es gibt erste Ideen, ob man mit der Uni Prag einen gemeinsamen Bachelor anbieten könnte</li>



<li>Man ist dabei, weitere Unis für Erasmus zu akuirieren </li>



<li>Es gibt Unternehmen, die Interesse bekundet haben, Stipendien an unserer Fakultät zu verteilen</li>
</ul>
</li>
</ul>
</li>



<li><strong>11. Sonstiges</strong>
<ul class="wp-block-list">
<li>Der Stura schreibt gerade Stellen in der Exekutive aus, bei Interesse gerne auf der Website nachsehen</li>



<li>Der Posten des Stugako VIW sucht weiterhin nach einer Person, die dieses Amt in Zukunft übernimmt, ebenso wie die Stuko VWI/TEc</li>



<li>Die Freigabe der Campuscard ist nun für unsere Fakultät freigeschaltet</li>



<li>Die Interessengemeinschaft Studium und Behinderung(IGB) sucht eine Nachfolge</li>
</ul>
</li>
</ul>



<p>Bei Fragen könnt ihr uns wie immer gerne <a href="https://fsr-verkehr.de/kontakt/">anschreiben</a> oder ansprechen. Die darauffolgende Sitzung findet am 20.03.2023 um 18:30 Uhr online mit Stimmrecht über BBB statt.</p>



<p>Wir freuen uns auf euer Kommen!</p>

<p>Am 27.02.2023 um 18:30 Uhr fand eine Sitzung des FSR-Verkehrs hybrid mit Stimmrecht ausschließlich in diesem BBB-Raum statt. Wer in Präsenz kommen mag, kann sich …</p>
