{"id":5917,"date":"2023-06-12T15:46:40","date_gmt":"2023-06-12T13:46:40","guid":{"rendered":"https:\/\/www.fsr-verkehr.de\/events\/fsr-feriensitzung-am-24-07-2023\/"},"modified":"2023-07-28T00:27:04","modified_gmt":"2023-07-27T22:27:04","slug":"fsr-feriensitzung-am-24-07-2023","status":"publish","type":"mec-events","link":"https:\/\/www.fsr-verkehr.de\/en\/events\/fsr-feriensitzung-am-24-07-2023\/","title":{"rendered":"FSR Feriensitzung am 24.07.2023"},"content":{"rendered":"\n<p>Am 24.07.2023 um 18:30 Uhr fand die erste Feriensitzung des FSR-Verkehr online <a href=\"https:\/\/bbb.tu-dresden.de\/b\/spr-phu-4sq-oer\">unter diesem Link<\/a> statt. Stimmrecht konnten somit auf dieser Sitzung somit all jene Mitglieder haben, die sich online in die Videokonferenz einw\u00e4hlten und dort abstimmten.<\/p>\n\n\n\n<p><strong>Tagesordnung:<\/strong><\/p>\n\n\n\n<p>0. Formalia<br>     Die Protokolle vom 26.6. und vom 3.7. wurden beschlossen. <br>1. Gremien<br>     StuKo VIW: Es stellte sich die Frage, ob es rechtlich m\u00f6glich ist, diejenigen, die noch nach alter Studienordnung <br>          studieren und alle Module abgeschlossen haben, aber ihre Diplomarbeit noch beginnen m\u00fcssen, vor einem <br>          Zwangs\u00fcbertritt in die neue Studienordnung zu bewahren. Weiterhin ging es um die BiLoE, bei der das Feedback<br>          sehr positiv war. In Modulen, wo die Dozenten daf\u00fcr offen sind, soll sie daher parallel zu den Frageb\u00f6gen des ZQA<br>          eingesetzt  werden. Weiterhin ging es um die Frage, wie denn der geplante Ingenieurs-Bachelor nun hei\u00dfen soll.<br>     StuRa: Die Veranstaltung in Tharandt war gut besucht, allerdings wurden dabei Sticker verteilt, mit denen der FSR <br>          Forst nicht einverstanden war, weshalb dieser jetzt personelle Konsequenzen verlangt. Weiterhin wurden Leute <br>          zum FZS in Hamburg entsandt. <br>2. Wahlen und Entsendungen<br>\u00a0 2.1. StuGaKo LuLo<br>          Aufgrund fehlender Kandidaten vertagt.<br>3. FA Ersti-H\u00fctte 2023<br>     Der FA, mit dem die Unterkunft finanziert wird, wurde angenommen.<br>4. FA Anschaffung Kopierpapier<br>     Ebenfalls angenommen.<br>5. Ressorts<br>     Teambuilding: Die Fahrradtour wurde leider mit nur 11 Teilnehmern nicht so gut angenommen, wie erhofft, hat aber    <br>          trotzdem Spa\u00df gemacht.<br>     ESE: Es werden dringend Tutoren f\u00fcr die ESE gesucht, insbesondere solche aus Masterstudieng\u00e4ngen und aus dem   <br>          Bachelor Verkehrswirtschaft.<br>6. Bericht von Sprechern und Finanzer<br>     Leute, die noch in der alten Studienordnung studieren, aber Module machen m\u00fcssen, die in dieser zwar vorgesehen <br>     sind, die jedoch nicht mehr angeboten werden, sollen, wenn sie&#8230;:<br>          &#8211; noch vorhaben \u00fcberzutreten: das entsprechende Modul der neuen Studienordnung als Wahlpflicht belegen. Bei <br>            der \u00dcbertragung wird es als das entsprechende Pflichtmodul angerechnet.<br>          &#8211; nicht \u00fcbertreten werden: auf die entsprechende Lehrperson zugehen und mit dieser Optionen er\u00f6rtern. Das  <br>            kann zum Beispiel sein, dass Vorlesungsmitschnitte als Videos bereitgestellt werden oder dass die neue    <br>            Veranstaltung geh\u00f6rt wird und die Pr\u00fcfung nach alter Ordnung, aber mit neuen Inhalten geschrieben wird. Sollten <br>            hierbei Probleme auftreten, bitte ans Dekanat oder an die Sprecher des FSR wenden.<br>7. Sonstiges<br>     Im Studiengang Elektrotechnik gab es F\u00e4lle, in denen sich Studierende korrekt \u00fcber Selma f\u00fcr die Pr\u00fcfungen <br>     angemeldet haben, aber dennoch nicht auf der Papierliste standen und daher die Pr\u00fcfung nicht mitschreiben konnten.  <br>     Es gab auch unter den Verkehrsingenieuren den Fall, dass eine Person sich innerhalb der Frist \u00fcber Selma von einer <br>     Pr\u00fcfung abmelden wollte, der entsprechende Knopf allerdings bereits nicht mehr vorhanden war, so dass die   <br>     Abmeldung per Mail ans Pr\u00fcfungsamt erfolgen musste.<br>     Wer ebenfalls in dieser Pr\u00fcfungsphase Probleme mit Selma hatte, soll sich bitte an Fabian Rudolph wenden.<\/p>\n\n\n\n<p>Bei Fragen k\u00f6nnt ihr uns wie immer gerne <a href=\"https:\/\/fsr-verkehr.de\/kontakt\/\">anschreiben<\/a> oder ansprechen. Die darauffolgende Sitzung findet am 14.08.2023 um 18:30 Uhr online \u00fcber BBB <a href=\"https:\/\/bbb.tu-dresden.de\/b\/spr-phu-4sq-oer\">unter diesem Link<\/a> statt.<\/p>\n\n\n\n<p>Wir freuen uns auf euer Kommen!<\/p>\n\n\n\n<p><\/p>\n","protected":false},"excerpt":{"rendered":"<p>Am 24.07.2023 um 18:30 Uhr fand die erste Feriensitzung des FSR-Verkehr online unter diesem Link statt. Stimmrecht konnten somit auf dieser Sitzung somit all jene \u2026<\/p>\n","protected":false},"author":5,"featured_media":5765,"comment_status":"closed","ping_status":"closed","template":"","tags":[],"mec_category":[75],"class_list":["post-5917","mec-events","type-mec-events","status-publish","has-post-thumbnail","hentry","mec_category-fsr-sitzung"],"translation":{"provider":"WPGlobus","version":"3.0.0","language":"en","enabled_languages":["de","en"],"languages":{"de":{"title":true,"content":true,"excerpt":false},"en":{"title":false,"content":false,"excerpt":false}}},"_links":{"self":[{"href":"https:\/\/www.fsr-verkehr.de\/en\/wp-json\/wp\/v2\/mec-events\/5917","targetHints":{"allow":["GET"]}}],"collection":[{"href":"https:\/\/www.fsr-verkehr.de\/en\/wp-json\/wp\/v2\/mec-events"}],"about":[{"href":"https:\/\/www.fsr-verkehr.de\/en\/wp-json\/wp\/v2\/types\/mec-events"}],"author":[{"embeddable":true,"href":"https:\/\/www.fsr-verkehr.de\/en\/wp-json\/wp\/v2\/users\/5"}],"replies":[{"embeddable":true,"href":"https:\/\/www.fsr-verkehr.de\/en\/wp-json\/wp\/v2\/comments?post=5917"}],"wp:featuredmedia":[{"embeddable":true,"href":"https:\/\/www.fsr-verkehr.de\/en\/wp-json\/wp\/v2\/media\/5765"}],"wp:attachment":[{"href":"https:\/\/www.fsr-verkehr.de\/en\/wp-json\/wp\/v2\/media?parent=5917"}],"wp:term":[{"taxonomy":"post_tag","embeddable":true,"href":"https:\/\/www.fsr-verkehr.de\/en\/wp-json\/wp\/v2\/tags?post=5917"},{"taxonomy":"mec_category","embeddable":true,"href":"https:\/\/www.fsr-verkehr.de\/en\/wp-json\/wp\/v2\/mec_category?post=5917"}],"curies":[{"name":"wp","href":"https:\/\/api.w.org\/{rel}","templated":true}]}}

<p>Am 24.07.2023 um 18:30 Uhr fand die erste Feriensitzung des FSR-Verkehr online <a href="https://bbb.tu-dresden.de/b/spr-phu-4sq-oer">unter diesem Link</a> statt. Stimmrecht konnten somit auf dieser Sitzung somit all jene Mitglieder haben, die sich online in die Videokonferenz einwählten und dort abstimmten.</p>



<p><strong>Tagesordnung:</strong></p>



<p>0. Formalia<br>     Die Protokolle vom 26.6. und vom 3.7. wurden beschlossen. <br>1. Gremien<br>     StuKo VIW: Es stellte sich die Frage, ob es rechtlich möglich ist, diejenigen, die noch nach alter Studienordnung <br>          studieren und alle Module abgeschlossen haben, aber ihre Diplomarbeit noch beginnen müssen, vor einem <br>          Zwangsübertritt in die neue Studienordnung zu bewahren. Weiterhin ging es um die BiLoE, bei der das Feedback<br>          sehr positiv war. In Modulen, wo die Dozenten dafür offen sind, soll sie daher parallel zu den Fragebögen des ZQA<br>          eingesetzt  werden. Weiterhin ging es um die Frage, wie denn der geplante Ingenieurs-Bachelor nun heißen soll.<br>     StuRa: Die Veranstaltung in Tharandt war gut besucht, allerdings wurden dabei Sticker verteilt, mit denen der FSR <br>          Forst nicht einverstanden war, weshalb dieser jetzt personelle Konsequenzen verlangt. Weiterhin wurden Leute <br>          zum FZS in Hamburg entsandt. <br>2. Wahlen und Entsendungen<br>  2.1. StuGaKo LuLo<br>          Aufgrund fehlender Kandidaten vertagt.<br>3. FA Ersti-Hütte 2023<br>     Der FA, mit dem die Unterkunft finanziert wird, wurde angenommen.<br>4. FA Anschaffung Kopierpapier<br>     Ebenfalls angenommen.<br>5. Ressorts<br>     Teambuilding: Die Fahrradtour wurde leider mit nur 11 Teilnehmern nicht so gut angenommen, wie erhofft, hat aber    <br>          trotzdem Spaß gemacht.<br>     ESE: Es werden dringend Tutoren für die ESE gesucht, insbesondere solche aus Masterstudiengängen und aus dem   <br>          Bachelor Verkehrswirtschaft.<br>6. Bericht von Sprechern und Finanzer<br>     Leute, die noch in der alten Studienordnung studieren, aber Module machen müssen, die in dieser zwar vorgesehen <br>     sind, die jedoch nicht mehr angeboten werden, sollen, wenn sie&#8230;:<br>          &#8211; noch vorhaben überzutreten: das entsprechende Modul der neuen Studienordnung als Wahlpflicht belegen. Bei <br>            der Übertragung wird es als das entsprechende Pflichtmodul angerechnet.<br>          &#8211; nicht übertreten werden: auf die entsprechende Lehrperson zugehen und mit dieser Optionen erörtern. Das  <br>            kann zum Beispiel sein, dass Vorlesungsmitschnitte als Videos bereitgestellt werden oder dass die neue    <br>            Veranstaltung gehört wird und die Prüfung nach alter Ordnung, aber mit neuen Inhalten geschrieben wird. Sollten <br>            hierbei Probleme auftreten, bitte ans Dekanat oder an die Sprecher des FSR wenden.<br>7. Sonstiges<br>     Im Studiengang Elektrotechnik gab es Fälle, in denen sich Studierende korrekt über Selma für die Prüfungen <br>     angemeldet haben, aber dennoch nicht auf der Papierliste standen und daher die Prüfung nicht mitschreiben konnten.  <br>     Es gab auch unter den Verkehrsingenieuren den Fall, dass eine Person sich innerhalb der Frist über Selma von einer <br>     Prüfung abmelden wollte, der entsprechende Knopf allerdings bereits nicht mehr vorhanden war, so dass die   <br>     Abmeldung per Mail ans Prüfungsamt erfolgen musste.<br>     Wer ebenfalls in dieser Prüfungsphase Probleme mit Selma hatte, soll sich bitte an Fabian Rudolph wenden.</p>



<p>Bei Fragen könnt ihr uns wie immer gerne <a href="https://fsr-verkehr.de/kontakt/">anschreiben</a> oder ansprechen. Die darauffolgende Sitzung findet am 14.08.2023 um 18:30 Uhr online über BBB <a href="https://bbb.tu-dresden.de/b/spr-phu-4sq-oer">unter diesem Link</a> statt.</p>



<p>Wir freuen uns auf euer Kommen!</p>



<p></p>
