{"id":6491,"date":"2023-08-10T11:51:27","date_gmt":"2023-08-10T09:51:27","guid":{"rendered":"https:\/\/www.fsr-verkehr.de\/?post_type=mec-events&#038;p=6491"},"modified":"2023-10-04T12:17:40","modified_gmt":"2023-10-04T10:17:40","slug":"offizielle-begruessung-der-fakultaet-2023","status":"publish","type":"mec-events","link":"https:\/\/www.fsr-verkehr.de\/en\/events\/offizielle-begruessung-der-fakultaet-2023\/","title":{"rendered":"Offizielle Begr\u00fc\u00dfung der Fakult\u00e4t"},"content":{"rendered":"\n<p>Der Donnerstag beginnt um 10:00 mit der offiziellen Begr\u00fc\u00dfung der Fakult\u00e4t Verkehrswissenschaften \u201eFriedrich List\u201c. Dort wird unsere Fakult\u00e4t das neue Studienjahr offiziell er\u00f6ffnen und euch als Studierende des 1. Semesters an der Fakult\u00e4t herzlich begr\u00fc\u00dfen.<\/p>\n\n\n\n<p>Im Anschluss werden die Studiendekane bzw. die wissenschaftlichen Studiengangskoordinatorinnen und -koordinatoren euch in die Belange des Studiums einf\u00fchren.<\/p>\n","protected":false},"excerpt":{"rendered":"<p>Der Donnerstag beginnt um 10:00 mit der offiziellen Begr\u00fc\u00dfung der Fakult\u00e4t Verkehrswissenschaften \u201eFriedrich List\u201c. Dort wird unsere Fakult\u00e4t das neue Studienjahr offiziell er\u00f6ffnen und euch \u2026<\/p>\n","protected":false},"author":5,"featured_media":0,"comment_status":"closed","ping_status":"closed","template":"","tags":[],"mec_category":[112],"class_list":["post-6491","mec-events","type-mec-events","status-publish","hentry","mec_category-ese"],"translation":{"provider":"WPGlobus","version":"3.0.0","language":"en","enabled_languages":["de","en"],"languages":{"de":{"title":true,"content":true,"excerpt":false},"en":{"title":false,"content":false,"excerpt":false}}},"_links":{"self":[{"href":"https:\/\/www.fsr-verkehr.de\/en\/wp-json\/wp\/v2\/mec-events\/6491","targetHints":{"allow":["GET"]}}],"collection":[{"href":"https:\/\/www.fsr-verkehr.de\/en\/wp-json\/wp\/v2\/mec-events"}],"about":[{"href":"https:\/\/www.fsr-verkehr.de\/en\/wp-json\/wp\/v2\/types\/mec-events"}],"author":[{"embeddable":true,"href":"https:\/\/www.fsr-verkehr.de\/en\/wp-json\/wp\/v2\/users\/5"}],"replies":[{"embeddable":true,"href":"https:\/\/www.fsr-verkehr.de\/en\/wp-json\/wp\/v2\/comments?post=6491"}],"wp:attachment":[{"href":"https:\/\/www.fsr-verkehr.de\/en\/wp-json\/wp\/v2\/media?parent=6491"}],"wp:term":[{"taxonomy":"post_tag","embeddable":true,"href":"https:\/\/www.fsr-verkehr.de\/en\/wp-json\/wp\/v2\/tags?post=6491"},{"taxonomy":"mec_category","embeddable":true,"href":"https:\/\/www.fsr-verkehr.de\/en\/wp-json\/wp\/v2\/mec_category?post=6491"}],"curies":[{"name":"wp","href":"https:\/\/api.w.org\/{rel}","templated":true}]}}

Offizielle Begrüßung der Fakultät

<p>Der Donnerstag beginnt um 10:00 mit der offiziellen Begrüßung der Fakultät Verkehrswissenschaften „Friedrich List“. Dort wird unsere Fakultät das neue Studienjahr offiziell eröffnen und euch als Studierende des 1. Semesters an der Fakultät herzlich begrüßen.</p>



<p>Im Anschluss werden die Studiendekane bzw. die wissenschaftlichen Studiengangskoordinatorinnen und -koordinatoren euch in die Belange des Studiums einführen.</p>

<p>Der Donnerstag beginnt um 10:00 mit der offiziellen Begrüßung der Fakultät Verkehrswissenschaften „Friedrich List“. Dort wird unsere Fakultät das neue Studienjahr offiziell eröffnen und euch …</p>
