{"id":6773,"date":"2023-10-04T22:49:03","date_gmt":"2023-10-04T20:49:03","guid":{"rendered":"https:\/\/www.fsr-verkehr.de\/?post_type=mec-events&#038;p=6773"},"modified":"2023-10-08T23:33:58","modified_gmt":"2023-10-08T21:33:58","slug":"kennlernabend-der-verkehrte-welt-e-v","status":"publish","type":"mec-events","link":"https:\/\/www.fsr-verkehr.de\/en\/events\/kennlernabend-der-verkehrte-welt-e-v\/","title":{"rendered":"Kennlernabend der Verkehrten Welt"},"content":{"rendered":"\n<p>Liebe Ersties und Interessierte,<\/p>\n\n\n\n<p>Die <a href=\"https:\/\/www.verkehrte-welt.org\">Verkehrte <\/a><a href=\"http:\/\/www.\">Welt<\/a> ist eine listige Vereinigung, die sich der F\u00f6rderung internationaler Kontakte im Verkehrswesen verschrieben hat. <\/p>\n\n\n\n<p><strong>Interessierst du dich f\u00fcr Reisen und Exkursionen im In- und Ausland? <\/strong><\/p>\n\n\n\n<p>Dann komm zu unserem Kennlernabend am 25.10.2023, um 18:30 Uhr im POT 13. Hier kannst du uns pers\u00f6nlich kennenlernen, einen Einblick in unsere bisherigen Exkursionen erhalten und gemeinsam mit uns Ideen f\u00fcr weitere Reisen entwickeln. Selbstverst\u00e4ndlich versorgen wir dich mit K\u00f6stlichkeiten und erfrischenden Getr\u00e4nken. <\/p>\n\n\n\n<p><strong>Wir freuen uns auf deine Teilnahme!<\/strong><\/p>\n","protected":false},"excerpt":{"rendered":"<p>Liebe Ersties und Interessierte, Die Verkehrte Welt ist eine listige Vereinigung, die sich der F\u00f6rderung internationaler Kontakte im Verkehrswesen verschrieben hat. Interessierst du dich f\u00fcr \u2026<\/p>\n","protected":false},"author":7,"featured_media":963,"comment_status":"closed","ping_status":"closed","template":"","tags":[],"mec_category":[],"class_list":["post-6773","mec-events","type-mec-events","status-publish","has-post-thumbnail","hentry"],"translation":{"provider":"WPGlobus","version":"3.0.0","language":"en","enabled_languages":["de","en"],"languages":{"de":{"title":true,"content":true,"excerpt":false},"en":{"title":false,"content":false,"excerpt":false}}},"_links":{"self":[{"href":"https:\/\/www.fsr-verkehr.de\/en\/wp-json\/wp\/v2\/mec-events\/6773","targetHints":{"allow":["GET"]}}],"collection":[{"href":"https:\/\/www.fsr-verkehr.de\/en\/wp-json\/wp\/v2\/mec-events"}],"about":[{"href":"https:\/\/www.fsr-verkehr.de\/en\/wp-json\/wp\/v2\/types\/mec-events"}],"author":[{"embeddable":true,"href":"https:\/\/www.fsr-verkehr.de\/en\/wp-json\/wp\/v2\/users\/7"}],"replies":[{"embeddable":true,"href":"https:\/\/www.fsr-verkehr.de\/en\/wp-json\/wp\/v2\/comments?post=6773"}],"wp:featuredmedia":[{"embeddable":true,"href":"https:\/\/www.fsr-verkehr.de\/en\/wp-json\/wp\/v2\/media\/963"}],"wp:attachment":[{"href":"https:\/\/www.fsr-verkehr.de\/en\/wp-json\/wp\/v2\/media?parent=6773"}],"wp:term":[{"taxonomy":"post_tag","embeddable":true,"href":"https:\/\/www.fsr-verkehr.de\/en\/wp-json\/wp\/v2\/tags?post=6773"},{"taxonomy":"mec_category","embeddable":true,"href":"https:\/\/www.fsr-verkehr.de\/en\/wp-json\/wp\/v2\/mec_category?post=6773"}],"curies":[{"name":"wp","href":"https:\/\/api.w.org\/{rel}","templated":true}]}}

<p>Liebe Ersties und Interessierte,</p>



<p>Die <a href="https://www.verkehrte-welt.org">Verkehrte </a><a href="http://www.">Welt</a> ist eine listige Vereinigung, die sich der Förderung internationaler Kontakte im Verkehrswesen verschrieben hat. </p>



<p><strong>Interessierst du dich für Reisen und Exkursionen im In- und Ausland? </strong></p>



<p>Dann komm zu unserem Kennlernabend am 25.10.2023, um 18:30 Uhr im POT 13. Hier kannst du uns persönlich kennenlernen, einen Einblick in unsere bisherigen Exkursionen erhalten und gemeinsam mit uns Ideen für weitere Reisen entwickeln. Selbstverständlich versorgen wir dich mit Köstlichkeiten und erfrischenden Getränken. </p>



<p><strong>Wir freuen uns auf deine Teilnahme!</strong></p>

<p>Liebe Ersties und Interessierte, Die Verkehrte Welt ist eine listige Vereinigung, die sich der Förderung internationaler Kontakte im Verkehrswesen verschrieben hat. Interessierst du dich für …</p>
