{"id":6832,"date":"2023-10-09T09:15:37","date_gmt":"2023-10-09T07:15:37","guid":{"rendered":"https:\/\/www.fsr-verkehr.de\/?post_type=mec-events&#038;p=6832"},"modified":"2023-10-23T21:18:54","modified_gmt":"2023-10-23T19:18:54","slug":"fsr-sitzung-am-23-10-2023","status":"publish","type":"mec-events","link":"https:\/\/www.fsr-verkehr.de\/en\/events\/fsr-sitzung-am-23-10-2023\/","title":{"rendered":"FSR Sitzung am 23.10.2023"},"content":{"rendered":"\n<p>Am 23.10.2023 um 20:05 Uhr findet wieder eine Sitzung des FSR-Verkehr<strong> im <a href=\"https:\/\/navigator.tu-dresden.de\/raum\/325401.0010\">POT\/13<\/a> <\/strong>statt. An der Sitzung kann man auch <a href=\"https:\/\/bbb.tu-dresden.de\/b\/spr-phu-4sq-oer\">unter diesem Link<\/a> online teilhaben. Stimmrecht k\u00f6nnen aber nur diejenigen Mitglieder haben, die in Pr\u00e4senz an der Sitzung teilnehmen!<\/p>\n\n\n\n<p><strong>Vorl\u00e4ufige Tagesordnung:<\/strong><\/p>\n\n\n\n<ul class=\"wp-block-list\">\n<li>0. Formalia<\/li>\n\n\n\n<li>1. Gremien\n<ul class=\"wp-block-list\">\n<li>Stuko VIW\n<ul class=\"wp-block-list\">\n<li>Team Bachelor hat Arbeitsgemeinschaften gebildet<\/li>\n\n\n\n<li>Vorschlag zur neuen Studien- und Pr\u00fcfungsordnung wird erarbeitet: N\u00e4chste Sitzung sollen \u00c4nderungsw\u00fcnsche u.\u00c4 im FSR besprochen werden<\/li>\n<\/ul>\n<\/li>\n<\/ul>\n<\/li>\n\n\n\n<li>2. Wahlen und Entsendungen\n<ul class=\"wp-block-list\">\n<li>2.1. StuGaKo LuLo\n<ul class=\"wp-block-list\">\n<li>keine Kandidierenden<\/li>\n<\/ul>\n<\/li>\n<\/ul>\n<\/li>\n\n\n\n<li>3. Lehrpreis\n<ul class=\"wp-block-list\">\n<li>Sammlung von Ideen zur Verbesserung\n<ul class=\"wp-block-list\">\n<li>Grundprinzip (inkl. Verh\u00e4ltnisbildung, importierte Vorlesungen) sollte entschieden werden<\/li>\n\n\n\n<li>n\u00e4her an Studierende herantragen -> wie?<\/li>\n\n\n\n<li>Idee: jede Lehrveranstaltung mit Punkten bewerten -> Problem: viel Arbeit f\u00fcr Studis<\/li>\n\n\n\n<li>st\u00e4rker nach Studieng\u00e4ngen trennen, dass auch andere Studieng\u00e4nge als das Diplom wahrgenommen werden<\/li>\n<\/ul>\n<\/li>\n<\/ul>\n<\/li>\n\n\n\n<li>4. E-Learning Schmuckst\u00fccke\n<ul class=\"wp-block-list\">\n<li>gute Angebote in der Online-Lehre k\u00f6nnen hier nominiert werden<\/li>\n\n\n\n<li>\u00dcberlegungen, ob der FSR einen Kurs nominieren m\u00f6chte und wenn ja, welchen<\/li>\n\n\n\n<li>Skepsis gegen\u00fcber der Sinnhaftigkeit dieser Pr\u00e4mierung wurden ausgedr\u00fcckt<\/li>\n\n\n\n<li>Entschluss: Niemanden nominieren  <\/li>\n<\/ul>\n<\/li>\n\n\n\n<li>5. FA Diskussionsabend &#8220;Deutschlandtakt&#8221;\n<ul class=\"wp-block-list\">\n<li>Zur Bewerbung sollen 2 Plakate besorgt werden, weiterhin f\u00fcr die Verpflegung Snacks<\/li>\n\n\n\n<li>FA angenommen<\/li>\n<\/ul>\n<\/li>\n\n\n\n<li>6. Ressorts\n<ul class=\"wp-block-list\">\n<li>\u00d6A\n<ul class=\"wp-block-list\">\n<li>Twitter wird wegen zu geringem Kosten-Nutzen-Faktor nicht mehr bedient<\/li>\n\n\n\n<li>Kandidierendenwerbung ist geplant<\/li>\n<\/ul>\n<\/li>\n\n\n\n<li>Ersti-H\u00fctte\n<ul class=\"wp-block-list\">\n<li>um die 40 Leute<\/li>\n\n\n\n<li>Dank an alle Helfer<\/li>\n<\/ul>\n<\/li>\n\n\n\n<li>Uni-Live\n<ul class=\"wp-block-list\">\n<li>Hutlos<\/li>\n\n\n\n<li>Interesse, das mit Fabian zu machen? Bitte da melden<\/li>\n<\/ul>\n<\/li>\n\n\n\n<li>Teambuilding\n<ul class=\"wp-block-list\">\n<li>Intention, demn\u00e4chst eines durchzuf\u00fchren<\/li>\n<\/ul>\n<\/li>\n<\/ul>\n<\/li>\n\n\n\n<li>7. Bericht von Sprechern und Finanzer\n<ul class=\"wp-block-list\">\n<li>Viele Pl\u00e4tze beim Karierretag (4.11.) offen<\/li>\n\n\n\n<li>Treffen Leiterin Zentrale Studienberatung wegen Passt?!-Programm: teilnehmende FSR-Mitglieder wurden bestimmt<\/li>\n\n\n\n<li>Markenprozess der Uni:\n<ul class=\"wp-block-list\">\n<li>Die Fakult\u00e4t soll \u00fcber neue Corporate Identity gest\u00e4rkt werden<\/li>\n\n\n\n<li>Zu diesem Zwecke gibt es eine Veranstaltung von 16 bis 20:00 Mittwoch<\/li>\n\n\n\n<li>Einige FSR-Mitglieder werden diese Veranstaltung besuchen<\/li>\n<\/ul>\n<\/li>\n\n\n\n<li>Pr\u00fcfungsausschuss BSI hat einen freien Platz -> Kandidierende werden gesucht <\/li>\n<\/ul>\n<\/li>\n\n\n\n<li>8. Sonstiges\n<ul class=\"wp-block-list\">\n<li>Probleme bei neuen Immatrikulationen im Fach BSI\n<ul class=\"wp-block-list\">\n<li>manche wurden in die falsche Studienordnung immatrikuliert<\/li>\n\n\n\n<li>Dies f\u00fchrt zu Problemen bei Pr\u00fcfungseinschreibung<\/li>\n\n\n\n<li>An L\u00f6sungen wird gearbeitet<\/li>\n<\/ul>\n<\/li>\n\n\n\n<li>Verkehrte Welt\n<ul class=\"wp-block-list\">\n<li>R\u00fcckreise von der Ersti-H\u00fctte \u00fcber Tschechien hatte wenige Leute. <\/li>\n\n\n\n<li>Es gibt einen Kennenlernabend 18:30 am Mittwoch<\/li>\n<\/ul>\n<\/li>\n\n\n\n<li>Sp\u00e4tverkehr\n<ul class=\"wp-block-list\">\n<li>17:30 am 26. Kennenlernabend mit Besuch des Verkehrsmuseums: Anmeldung unter www.spaetverkehr.de<\/li>\n\n\n\n<li>Noch Restkarten f\u00fcr Ball der Fakult\u00e4t: Anmeldung auf der Webseite von Sp\u00e4tverkehr<\/li>\n<\/ul>\n<\/li>\n\n\n\n<li>Verkehrsgeschichte: morgen Luftfahrtsgeschichte von Dresden 18:30, POT 51<\/li>\n\n\n\n<li>Paul Bo\u00dfe (neues Mitglied des FSR) wird sich die Fachschaftsordnung anschauen und ggf. \u00c4nderungen vorschlagen<\/li>\n\n\n\n<li>KMV (Kontaktmesse Verkehr)\n<ul class=\"wp-block-list\">\n<li>findet dieses Jahr am 7.11. (Dienstag) im D\u00fclfer-Saal (oberhalb der Alten Mensa) statt <\/li>\n\n\n\n<li>macht Werbung in euren Jahrg\u00e4ngen!<\/li>\n\n\n\n<li>47 Firmen aus dem Verkehrsbereich, von Luft bis Bahn, von gro\u00df bis klein<\/li>\n\n\n\n<li>Helfer werden ebenfalls gesucht<\/li>\n<\/ul>\n<\/li>\n\n\n\n<li>n\u00e4chster Protokollant: Paul Bo\u00dfe (Vielen Dank :D)<\/li>\n<\/ul>\n<\/li>\n<\/ul>\n\n\n\n<p>Bei Fragen k\u00f6nnt ihr uns wie immer gerne <a href=\"https:\/\/fsr-verkehr.de\/kontakt\/\">anschreiben<\/a> oder ansprechen.<\/p>\n\n\n\n<p>Wir freuen uns auf euer Kommen!<\/p>\n","protected":false},"excerpt":{"rendered":"<p>Am 23.10.2023 um 20:05 Uhr findet wieder eine Sitzung des FSR-Verkehr im POT\/13 statt. An der Sitzung kann man auch unter diesem Link online teilhaben. \u2026<\/p>\n","protected":false},"author":5,"featured_media":5402,"comment_status":"closed","ping_status":"closed","template":"","tags":[],"mec_category":[75],"class_list":["post-6832","mec-events","type-mec-events","status-publish","has-post-thumbnail","hentry","mec_category-fsr-sitzung"],"translation":{"provider":"WPGlobus","version":"3.0.0","language":"en","enabled_languages":["de","en"],"languages":{"de":{"title":true,"content":true,"excerpt":false},"en":{"title":false,"content":false,"excerpt":false}}},"_links":{"self":[{"href":"https:\/\/www.fsr-verkehr.de\/en\/wp-json\/wp\/v2\/mec-events\/6832","targetHints":{"allow":["GET"]}}],"collection":[{"href":"https:\/\/www.fsr-verkehr.de\/en\/wp-json\/wp\/v2\/mec-events"}],"about":[{"href":"https:\/\/www.fsr-verkehr.de\/en\/wp-json\/wp\/v2\/types\/mec-events"}],"author":[{"embeddable":true,"href":"https:\/\/www.fsr-verkehr.de\/en\/wp-json\/wp\/v2\/users\/5"}],"replies":[{"embeddable":true,"href":"https:\/\/www.fsr-verkehr.de\/en\/wp-json\/wp\/v2\/comments?post=6832"}],"wp:featuredmedia":[{"embeddable":true,"href":"https:\/\/www.fsr-verkehr.de\/en\/wp-json\/wp\/v2\/media\/5402"}],"wp:attachment":[{"href":"https:\/\/www.fsr-verkehr.de\/en\/wp-json\/wp\/v2\/media?parent=6832"}],"wp:term":[{"taxonomy":"post_tag","embeddable":true,"href":"https:\/\/www.fsr-verkehr.de\/en\/wp-json\/wp\/v2\/tags?post=6832"},{"taxonomy":"mec_category","embeddable":true,"href":"https:\/\/www.fsr-verkehr.de\/en\/wp-json\/wp\/v2\/mec_category?post=6832"}],"curies":[{"name":"wp","href":"https:\/\/api.w.org\/{rel}","templated":true}]}}

<p>Am 23.10.2023 um 20:05 Uhr findet wieder eine Sitzung des FSR-Verkehr<strong> im <a href="https://navigator.tu-dresden.de/raum/325401.0010">POT/13</a> </strong>statt. An der Sitzung kann man auch <a href="https://bbb.tu-dresden.de/b/spr-phu-4sq-oer">unter diesem Link</a> online teilhaben. Stimmrecht können aber nur diejenigen Mitglieder haben, die in Präsenz an der Sitzung teilnehmen!</p>



<p><strong>Vorläufige Tagesordnung:</strong></p>



<ul class="wp-block-list">
<li>0. Formalia</li>



<li>1. Gremien
<ul class="wp-block-list">
<li>Stuko VIW
<ul class="wp-block-list">
<li>Team Bachelor hat Arbeitsgemeinschaften gebildet</li>



<li>Vorschlag zur neuen Studien- und Prüfungsordnung wird erarbeitet: Nächste Sitzung sollen Änderungswünsche u.Ä im FSR besprochen werden</li>
</ul>
</li>
</ul>
</li>



<li>2. Wahlen und Entsendungen
<ul class="wp-block-list">
<li>2.1. StuGaKo LuLo
<ul class="wp-block-list">
<li>keine Kandidierenden</li>
</ul>
</li>
</ul>
</li>



<li>3. Lehrpreis
<ul class="wp-block-list">
<li>Sammlung von Ideen zur Verbesserung
<ul class="wp-block-list">
<li>Grundprinzip (inkl. Verhältnisbildung, importierte Vorlesungen) sollte entschieden werden</li>



<li>näher an Studierende herantragen -> wie?</li>



<li>Idee: jede Lehrveranstaltung mit Punkten bewerten -> Problem: viel Arbeit für Studis</li>



<li>stärker nach Studiengängen trennen, dass auch andere Studiengänge als das Diplom wahrgenommen werden</li>
</ul>
</li>
</ul>
</li>



<li>4. E-Learning Schmuckstücke
<ul class="wp-block-list">
<li>gute Angebote in der Online-Lehre können hier nominiert werden</li>



<li>Überlegungen, ob der FSR einen Kurs nominieren möchte und wenn ja, welchen</li>



<li>Skepsis gegenüber der Sinnhaftigkeit dieser Prämierung wurden ausgedrückt</li>



<li>Entschluss: Niemanden nominieren  </li>
</ul>
</li>



<li>5. FA Diskussionsabend &#8220;Deutschlandtakt&#8221;
<ul class="wp-block-list">
<li>Zur Bewerbung sollen 2 Plakate besorgt werden, weiterhin für die Verpflegung Snacks</li>



<li>FA angenommen</li>
</ul>
</li>



<li>6. Ressorts
<ul class="wp-block-list">
<li>ÖA
<ul class="wp-block-list">
<li>Twitter wird wegen zu geringem Kosten-Nutzen-Faktor nicht mehr bedient</li>



<li>Kandidierendenwerbung ist geplant</li>
</ul>
</li>



<li>Ersti-Hütte
<ul class="wp-block-list">
<li>um die 40 Leute</li>



<li>Dank an alle Helfer</li>
</ul>
</li>



<li>Uni-Live
<ul class="wp-block-list">
<li>Hutlos</li>



<li>Interesse, das mit Fabian zu machen? Bitte da melden</li>
</ul>
</li>



<li>Teambuilding
<ul class="wp-block-list">
<li>Intention, demnächst eines durchzuführen</li>
</ul>
</li>
</ul>
</li>



<li>7. Bericht von Sprechern und Finanzer
<ul class="wp-block-list">
<li>Viele Plätze beim Karierretag (4.11.) offen</li>



<li>Treffen Leiterin Zentrale Studienberatung wegen Passt?!-Programm: teilnehmende FSR-Mitglieder wurden bestimmt</li>



<li>Markenprozess der Uni:
<ul class="wp-block-list">
<li>Die Fakultät soll über neue Corporate Identity gestärkt werden</li>



<li>Zu diesem Zwecke gibt es eine Veranstaltung von 16 bis 20:00 Mittwoch</li>



<li>Einige FSR-Mitglieder werden diese Veranstaltung besuchen</li>
</ul>
</li>



<li>Prüfungsausschuss BSI hat einen freien Platz -> Kandidierende werden gesucht </li>
</ul>
</li>



<li>8. Sonstiges
<ul class="wp-block-list">
<li>Probleme bei neuen Immatrikulationen im Fach BSI
<ul class="wp-block-list">
<li>manche wurden in die falsche Studienordnung immatrikuliert</li>



<li>Dies führt zu Problemen bei Prüfungseinschreibung</li>



<li>An Lösungen wird gearbeitet</li>
</ul>
</li>



<li>Verkehrte Welt
<ul class="wp-block-list">
<li>Rückreise von der Ersti-Hütte über Tschechien hatte wenige Leute. </li>



<li>Es gibt einen Kennenlernabend 18:30 am Mittwoch</li>
</ul>
</li>



<li>Spätverkehr
<ul class="wp-block-list">
<li>17:30 am 26. Kennenlernabend mit Besuch des Verkehrsmuseums: Anmeldung unter www.spaetverkehr.de</li>



<li>Noch Restkarten für Ball der Fakultät: Anmeldung auf der Webseite von Spätverkehr</li>
</ul>
</li>



<li>Verkehrsgeschichte: morgen Luftfahrtsgeschichte von Dresden 18:30, POT 51</li>



<li>Paul Boße (neues Mitglied des FSR) wird sich die Fachschaftsordnung anschauen und ggf. Änderungen vorschlagen</li>



<li>KMV (Kontaktmesse Verkehr)
<ul class="wp-block-list">
<li>findet dieses Jahr am 7.11. (Dienstag) im Dülfer-Saal (oberhalb der Alten Mensa) statt </li>



<li>macht Werbung in euren Jahrgängen!</li>



<li>47 Firmen aus dem Verkehrsbereich, von Luft bis Bahn, von groß bis klein</li>



<li>Helfer werden ebenfalls gesucht</li>
</ul>
</li>



<li>nächster Protokollant: Paul Boße (Vielen Dank :D)</li>
</ul>
</li>
</ul>



<p>Bei Fragen könnt ihr uns wie immer gerne <a href="https://fsr-verkehr.de/kontakt/">anschreiben</a> oder ansprechen.</p>



<p>Wir freuen uns auf euer Kommen!</p>
