{"id":6846,"date":"2023-10-09T12:19:43","date_gmt":"2023-10-09T10:19:43","guid":{"rendered":"https:\/\/www.fsr-verkehr.de\/events\/fakultaetsratssitzung-am-16-10-2023\/"},"modified":"2023-10-09T12:27:53","modified_gmt":"2023-10-09T10:27:53","slug":"fakultaetsratssitzung-am-16-10-2023","status":"publish","type":"mec-events","link":"https:\/\/www.fsr-verkehr.de\/en\/events\/fakultaetsratssitzung-am-16-10-2023\/","title":{"rendered":"Fakult\u00e4tsratssitzung am 16.10.2023"},"content":{"rendered":"\n<figure class=\"wp-block-image size-large\"><img loading=\"lazy\" decoding=\"async\" width=\"1024\" height=\"181\" src=\"https:\/\/www.fsr-verkehr.de\/wp-content\/uploads\/2023\/10\/Element-6@3x-100-1024x181.jpg\" alt=\"\" class=\"wp-image-6847\" srcset=\"https:\/\/www.fsr-verkehr.de\/wp-content\/uploads\/2023\/10\/Element-6@3x-100-1024x181.jpg 1024w, https:\/\/www.fsr-verkehr.de\/wp-content\/uploads\/2023\/10\/Element-6@3x-100-300x53.jpg 300w, https:\/\/www.fsr-verkehr.de\/wp-content\/uploads\/2023\/10\/Element-6@3x-100-768x136.jpg 768w, https:\/\/www.fsr-verkehr.de\/wp-content\/uploads\/2023\/10\/Element-6@3x-100-376x66.jpg 376w, https:\/\/www.fsr-verkehr.de\/wp-content\/uploads\/2023\/10\/Element-6@3x-100.jpg 1352w\" sizes=\"auto, (max-width: 1024px) 100vw, 1024px\" \/><\/figure>\n\n\n<p>Am 16.10. findet der erste Fakult\u00e4tsrat im neuen Semester im Zeichensaal (POT\/168) statt.<\/p>\n<p>Die Sitzung findet dieses Mal ausschlie\u00dflich in Pr\u00e4senz statt, da die Prorektorin f\u00fcr Universit\u00e4tskultur f\u00fcr einen Besuch am Anfang dabei sein wird.<\/p>\n<p>Wir freuen uns auf euer Interesse und Kommen. Bei Fragen k\u00f6nnt ihr euch gerne an unsere drei studentischen Fakult\u00e4tsratsvertreter unter <a href=\"mailto:studierende.fkr_vw@tu-dresden.de\">studierende.fkr_vw@tu-dresden.de<\/a> wenden oder uns einfach ansprechen.<\/p>\n\n\n<div class=\"wp-block-buttons is-layout-flex wp-block-buttons-is-layout-flex\">\n<div class=\"wp-block-button\"><a class=\"wp-block-button__link wp-element-button\" href=\"https:\/\/bildungsportal.sachsen.de\/opal\/auth\/RepositoryEntry\/28036399111\/CourseNode\/1696818767571817010\/20231016_FKR_vorl_TOP_%C3%B6T.PDF\">zur Einladung und Tagesordnung<\/a><\/div>\n<\/div>\n","protected":false},"excerpt":{"rendered":"<p>Am 16.10. findet der erste Fakult\u00e4tsrat im neuen Semester im Zeichensaal (POT\/168) statt. Die Sitzung findet dieses Mal ausschlie\u00dflich in Pr\u00e4senz statt, da die Prorektorin \u2026<\/p>\n","protected":false},"author":5,"featured_media":0,"comment_status":"closed","ping_status":"closed","template":"","tags":[],"mec_category":[],"class_list":["post-6846","mec-events","type-mec-events","status-publish","hentry"],"translation":{"provider":"WPGlobus","version":"3.0.0","language":"en","enabled_languages":["de","en"],"languages":{"de":{"title":true,"content":true,"excerpt":false},"en":{"title":false,"content":false,"excerpt":false}}},"_links":{"self":[{"href":"https:\/\/www.fsr-verkehr.de\/en\/wp-json\/wp\/v2\/mec-events\/6846","targetHints":{"allow":["GET"]}}],"collection":[{"href":"https:\/\/www.fsr-verkehr.de\/en\/wp-json\/wp\/v2\/mec-events"}],"about":[{"href":"https:\/\/www.fsr-verkehr.de\/en\/wp-json\/wp\/v2\/types\/mec-events"}],"author":[{"embeddable":true,"href":"https:\/\/www.fsr-verkehr.de\/en\/wp-json\/wp\/v2\/users\/5"}],"replies":[{"embeddable":true,"href":"https:\/\/www.fsr-verkehr.de\/en\/wp-json\/wp\/v2\/comments?post=6846"}],"wp:attachment":[{"href":"https:\/\/www.fsr-verkehr.de\/en\/wp-json\/wp\/v2\/media?parent=6846"}],"wp:term":[{"taxonomy":"post_tag","embeddable":true,"href":"https:\/\/www.fsr-verkehr.de\/en\/wp-json\/wp\/v2\/tags?post=6846"},{"taxonomy":"mec_category","embeddable":true,"href":"https:\/\/www.fsr-verkehr.de\/en\/wp-json\/wp\/v2\/mec_category?post=6846"}],"curies":[{"name":"wp","href":"https:\/\/api.w.org\/{rel}","templated":true}]}}

Fakultätsratssitzung am 16.10.2023

<figure class="wp-block-image size-large"><img loading="lazy" decoding="async" width="1024" height="181" src="https://www.fsr-verkehr.de/wp-content/uploads/2023/10/Element-6@3x-100-1024x181.jpg" alt="" class="wp-image-6847" srcset="https://www.fsr-verkehr.de/wp-content/uploads/2023/10/Element-6@3x-100-1024x181.jpg 1024w, https://www.fsr-verkehr.de/wp-content/uploads/2023/10/Element-6@3x-100-300x53.jpg 300w, https://www.fsr-verkehr.de/wp-content/uploads/2023/10/Element-6@3x-100-768x136.jpg 768w, https://www.fsr-verkehr.de/wp-content/uploads/2023/10/Element-6@3x-100-376x66.jpg 376w, https://www.fsr-verkehr.de/wp-content/uploads/2023/10/Element-6@3x-100.jpg 1352w" sizes="auto, (max-width: 1024px) 100vw, 1024px" /></figure>


<p>Am 16.10. findet der erste Fakultätsrat im neuen Semester im Zeichensaal (POT/168) statt.</p>
<p>Die Sitzung findet dieses Mal ausschließlich in Präsenz statt, da die Prorektorin für Universitätskultur für einen Besuch am Anfang dabei sein wird.</p>
<p>Wir freuen uns auf euer Interesse und Kommen. Bei Fragen könnt ihr euch gerne an unsere drei studentischen Fakultätsratsvertreter unter <a href="mailto:studierende.fkr_vw@tu-dresden.de">studierende.fkr_vw@tu-dresden.de</a> wenden oder uns einfach ansprechen.</p>


<div class="wp-block-buttons is-layout-flex wp-block-buttons-is-layout-flex">
<div class="wp-block-button"><a class="wp-block-button__link wp-element-button" href="https://bildungsportal.sachsen.de/opal/auth/RepositoryEntry/28036399111/CourseNode/1696818767571817010/20231016_FKR_vorl_TOP_%C3%B6T.PDF">zur Einladung und Tagesordnung</a></div>
</div>

<p>Am 16.10. findet der erste Fakultätsrat im neuen Semester im Zeichensaal (POT/168) statt. Die Sitzung findet dieses Mal ausschließlich in Präsenz statt, da die Prorektorin …</p>
