{"id":8937,"date":"2024-07-29T19:11:00","date_gmt":"2024-07-29T17:11:00","guid":{"rendered":"https:\/\/www.fsr-verkehr.de\/events\/fsr-feriensitzung\/"},"modified":"2024-08-05T22:23:26","modified_gmt":"2024-08-05T20:23:26","slug":"fsr-feriensitzung","status":"publish","type":"mec-events","link":"https:\/\/www.fsr-verkehr.de\/en\/events\/fsr-feriensitzung\/","title":{"rendered":"FSR-Feriensitzung"},"content":{"rendered":"<p>\n\n\n<p>Dies ist eine von drei Feriensitzungen des FSR Verkehr. Es sind alle herzlich eingeladen. Die Sitzung findet im POT\/13 statt, l\u00e4sst sich aber auch online unter <a href=\"https:\/\/bbb.tu-dresden.de\/b\/spr-phu-4sq-oer\" data-type=\"link\" data-id=\"https:\/\/bbb.tu-dresden.de\/b\/spr-phu-4sq-oer\">diesem Link<\/a> verfolgen. Mitglieder haben nur Online Stimmrecht.<\/p>\n\n\n\n<p>Folgende vorl\u00e4ufige Tagesordnung ist geplant:<\/p>\n\n\n\n<ol class=\"wp-block-list\" start=\"1\">\n<li>Formalia\n<ul class=\"wp-block-list\">\n<li>Protokoll von Phillipp beschlossen<\/li>\n<\/ul>\n<\/li>\n\n\n\n<li>Gremien\n<ul class=\"wp-block-list\">\n<li>StuKo Ingenieure:\n<ul class=\"wp-block-list\">\n<li>kleine Pr\u00fcfungsordnungs\u00e4nderung<\/li>\n<\/ul>\n<\/li>\n<\/ul>\n<\/li>\n\n\n\n<li>FA Queerverkehr\n<ul class=\"wp-block-list\">\n<li>Die Kaution dieses Stammtisches im Traumt\u00e4nzer l\u00e4uft \u00fcber den FSR.<\/li>\n<\/ul>\n<\/li>\n\n\n\n<li>FA ESE\n<ul class=\"wp-block-list\">\n<li>Angenommen<\/li>\n<\/ul>\n<\/li>\n\n\n\n<li>FA Ersti-H\u00fctte\n<ul class=\"wp-block-list\">\n<li>Nach einiger Diskussion angenommen<\/li>\n<\/ul>\n<\/li>\n\n\n\n<li>Wahlen und Entsendungen\n<ul class=\"wp-block-list\">\n<li>3.1 Stuko VIW\/EVS\/BSI\/ATL\n<ul class=\"wp-block-list\">\n<li>das Ergebnis wird n\u00e4chste Sitzung verk\u00fcndet, die Wahl l\u00e4uft<\/li>\n<\/ul>\n<\/li>\n\n\n\n<li>3.2. StuGaKo EVS\n<ul class=\"wp-block-list\">\n<li>Fabian Rudolph wurde entsendet.<\/li>\n<\/ul>\n<\/li>\n<\/ul>\n<\/li>\n\n\n\n<li>Diskussion Druckservice\/Printing service\n<ul class=\"wp-block-list\">\n<li>Vertagt<\/li>\n<\/ul>\n<\/li>\n\n\n\n<li>Ressorts\n<ul class=\"wp-block-list\">\n<li>ESE\n<ul class=\"wp-block-list\">\n<li>bitte Zeitraum freihalten<\/li>\n<\/ul>\n<\/li>\n\n\n\n<li>\u00d6A\n<ul class=\"wp-block-list\">\n<li>Hut-Nachfolger gesucht!<\/li>\n<\/ul>\n<\/li>\n<\/ul>\n<\/li>\n\n\n\n<li>Bericht von Sprechern und Finanzer\n<ul class=\"wp-block-list\">\n<li>Protokoll von Nora beschlossen.<\/li>\n<\/ul>\n<\/li>\n\n\n\n<li>Sonstiges\n<ul class=\"wp-block-list\">\n<li>Diese Woche Mittwoch Verkehrte Welt Sitzung<\/li>\n<\/ul>\n<\/li>\n<\/ol>\n\n\n\n<p>TOP 3:<\/p>\n\n\n\n<p>Zus\u00e4tzlich zum Dauerbrenner des Stugako EVS m\u00fcssen wir zwei Pl\u00e4tze in der Ingenieur-Stuko nachbesetzen, daf\u00fcr k\u00f6nnt ihr euch noch bis Montag 17:30 in den Opal-Kurs einschreiben.<\/p>\n\n\n\n<p>Additionally to the student program coordinator EVS we have to elect two persons for the study commission of the engineering courses.<\/p>\n\n\n\n<p>TOP 4 (Tilman):<\/p>\n\n\n\n<p>Am 01.11.2024 soll der zweite Queerverkehr-Stammtisch stattfinden, dieses Mal im &#8220;Club Traumt\u00e4nzer e.V.&#8221; in der Budapester Stra\u00dfe. Der FA beinhaltet die Kaution, die der Verein vor der Veranstaltung einzieht und danach in bestenfalls voller H\u00f6he wieder zur\u00fcckzahlt. Weitere Miet- oder andere Kosten gibt es nicht.<\/p>\n\n\n\n<p>Der Verein schl\u00e4gt dar\u00fcber hinaus als (unverbindliche) Idee vor, ein Anstreichguthaben f\u00fcr die Teilnehmer:innen einzuplanen, das zuerst verbraucht wird, bevor die TN ihre Getr\u00e4nke aus eigener Tasche zahlen m\u00fcssen. Dieser Vorschlag soll auf der Sitzung ebenfalls diskutiert und ggf. in den FA integriert werden.<\/p>\n\n\n\n<p>The second Queerverkehr get-together is to take place on 01.11.2024, this time at \u201cClub Traumt\u00e4nzer e.V.\u201d in Budapester Stra\u00dfe. The financial application includes the deposit, which the club collects before the event and then repays in full at best. There are no further rental or other costs.<\/p>\n\n\n\n<p>The club also proposes as a (non-binding) idea to include a deposit for the participants, which is used first before the participants have to pay for their drinks out of their own pocket. This idea will be discussed during the meeting and may be added to the financial application.<\/p>\n\n\n\n<p>TOP 5 (Aaron und Lennart):<\/p>\n\n\n\n<p>F\u00fcr die Erstsemestereinf\u00fchrung vom 7.10. bis 13.10.2024 m\u00f6chten wir wieder verschiedene Veranstaltungen anbieten. Diese bringen einen Finanzbedarf mit sich, der mit diesem FA beschlossen werden soll.<\/p>\n\n\n\n<p>Als gr\u00f6\u00dfte Neuerung ist vorgesehen, dass sich der FSR bei den ESE-Tutor:innen mit einem gemeinsamen Fr\u00fchst\u00fcck am Donnerstagmorgen bedankt.<\/p>\n\n\n\n<p>We would like to offer various events again for the freshman orientation from 7.10. to 13.10.2024. These require funding, which is to be decided with this FA.<\/p>\n\n\n\n<p>The biggest innovation is that the FSR will thank the ESE tutors with a joint breakfast on Thursday morning.<\/p>\n\n\n\n<p>TOP 7 (Jannis):<\/p>\n\n\n\n<p>Der Druckservice ist bei den Studierenden sehr beliebt. Sehr gro\u00dfe Druckauftr\u00e4ge mit mehreren Dateien und \u00fcber mehrere hundert Seiten binden jedoch diejenigen, die im B\u00fcro sind, stark. Deshalb m\u00f6chte ich dar\u00fcber diskutieren, ob hier eine Beschr\u00e4nkung sinnvoll ist, und wenn ja, wie diese aussehen k\u00f6nnte.<\/p>\n\n\n\n<p>The printing service is very popular with students. Very large print jobs with several files and several hundred pages however, keep those who are in the office extremely occupied. I would therefore like to discuss whether a restriction makes sense here, and if so, what it might look like.<\/p>\n\n\n<\/p>","protected":false},"excerpt":{"rendered":"<p>Dies ist eine von drei Feriensitzungen des FSR Verkehr. Es sind alle herzlich eingeladen. Die Sitzung findet im POT\/13 statt, l\u00e4sst sich aber auch online \u2026<\/p>\n","protected":false},"author":6,"featured_media":0,"comment_status":"closed","ping_status":"closed","template":"","tags":[],"mec_category":[75],"class_list":["post-8937","mec-events","type-mec-events","status-publish","hentry","mec_category-fsr-sitzung"],"translation":{"provider":"WPGlobus","version":"3.0.0","language":"en","enabled_languages":["de","en"],"languages":{"de":{"title":true,"content":true,"excerpt":false},"en":{"title":false,"content":false,"excerpt":false}}},"_links":{"self":[{"href":"https:\/\/www.fsr-verkehr.de\/en\/wp-json\/wp\/v2\/mec-events\/8937","targetHints":{"allow":["GET"]}}],"collection":[{"href":"https:\/\/www.fsr-verkehr.de\/en\/wp-json\/wp\/v2\/mec-events"}],"about":[{"href":"https:\/\/www.fsr-verkehr.de\/en\/wp-json\/wp\/v2\/types\/mec-events"}],"author":[{"embeddable":true,"href":"https:\/\/www.fsr-verkehr.de\/en\/wp-json\/wp\/v2\/users\/6"}],"replies":[{"embeddable":true,"href":"https:\/\/www.fsr-verkehr.de\/en\/wp-json\/wp\/v2\/comments?post=8937"}],"wp:attachment":[{"href":"https:\/\/www.fsr-verkehr.de\/en\/wp-json\/wp\/v2\/media?parent=8937"}],"wp:term":[{"taxonomy":"post_tag","embeddable":true,"href":"https:\/\/www.fsr-verkehr.de\/en\/wp-json\/wp\/v2\/tags?post=8937"},{"taxonomy":"mec_category","embeddable":true,"href":"https:\/\/www.fsr-verkehr.de\/en\/wp-json\/wp\/v2\/mec_category?post=8937"}],"curies":[{"name":"wp","href":"https:\/\/api.w.org\/{rel}","templated":true}]}}

<p>


<p>Dies ist eine von drei Feriensitzungen des FSR Verkehr. Es sind alle herzlich eingeladen. Die Sitzung findet im POT/13 statt, lässt sich aber auch online unter <a href="https://bbb.tu-dresden.de/b/spr-phu-4sq-oer" data-type="link" data-id="https://bbb.tu-dresden.de/b/spr-phu-4sq-oer">diesem Link</a> verfolgen. Mitglieder haben nur Online Stimmrecht.</p>



<p>Folgende vorläufige Tagesordnung ist geplant:</p>



<ol class="wp-block-list" start="1">
<li>Formalia
<ul class="wp-block-list">
<li>Protokoll von Phillipp beschlossen</li>
</ul>
</li>



<li>Gremien
<ul class="wp-block-list">
<li>StuKo Ingenieure:
<ul class="wp-block-list">
<li>kleine Prüfungsordnungsänderung</li>
</ul>
</li>
</ul>
</li>



<li>FA Queerverkehr
<ul class="wp-block-list">
<li>Die Kaution dieses Stammtisches im Traumtänzer läuft über den FSR.</li>
</ul>
</li>



<li>FA ESE
<ul class="wp-block-list">
<li>Angenommen</li>
</ul>
</li>



<li>FA Ersti-Hütte
<ul class="wp-block-list">
<li>Nach einiger Diskussion angenommen</li>
</ul>
</li>



<li>Wahlen und Entsendungen
<ul class="wp-block-list">
<li>3.1 Stuko VIW/EVS/BSI/ATL
<ul class="wp-block-list">
<li>das Ergebnis wird nächste Sitzung verkündet, die Wahl läuft</li>
</ul>
</li>



<li>3.2. StuGaKo EVS
<ul class="wp-block-list">
<li>Fabian Rudolph wurde entsendet.</li>
</ul>
</li>
</ul>
</li>



<li>Diskussion Druckservice/Printing service
<ul class="wp-block-list">
<li>Vertagt</li>
</ul>
</li>



<li>Ressorts
<ul class="wp-block-list">
<li>ESE
<ul class="wp-block-list">
<li>bitte Zeitraum freihalten</li>
</ul>
</li>



<li>ÖA
<ul class="wp-block-list">
<li>Hut-Nachfolger gesucht!</li>
</ul>
</li>
</ul>
</li>



<li>Bericht von Sprechern und Finanzer
<ul class="wp-block-list">
<li>Protokoll von Nora beschlossen.</li>
</ul>
</li>



<li>Sonstiges
<ul class="wp-block-list">
<li>Diese Woche Mittwoch Verkehrte Welt Sitzung</li>
</ul>
</li>
</ol>



<p>TOP 3:</p>



<p>Zusätzlich zum Dauerbrenner des Stugako EVS müssen wir zwei Plätze in der Ingenieur-Stuko nachbesetzen, dafür könnt ihr euch noch bis Montag 17:30 in den Opal-Kurs einschreiben.</p>



<p>Additionally to the student program coordinator EVS we have to elect two persons for the study commission of the engineering courses.</p>



<p>TOP 4 (Tilman):</p>



<p>Am 01.11.2024 soll der zweite Queerverkehr-Stammtisch stattfinden, dieses Mal im &#8220;Club Traumtänzer e.V.&#8221; in der Budapester Straße. Der FA beinhaltet die Kaution, die der Verein vor der Veranstaltung einzieht und danach in bestenfalls voller Höhe wieder zurückzahlt. Weitere Miet- oder andere Kosten gibt es nicht.</p>



<p>Der Verein schlägt darüber hinaus als (unverbindliche) Idee vor, ein Anstreichguthaben für die Teilnehmer:innen einzuplanen, das zuerst verbraucht wird, bevor die TN ihre Getränke aus eigener Tasche zahlen müssen. Dieser Vorschlag soll auf der Sitzung ebenfalls diskutiert und ggf. in den FA integriert werden.</p>



<p>The second Queerverkehr get-together is to take place on 01.11.2024, this time at “Club Traumtänzer e.V.” in Budapester Straße. The financial application includes the deposit, which the club collects before the event and then repays in full at best. There are no further rental or other costs.</p>



<p>The club also proposes as a (non-binding) idea to include a deposit for the participants, which is used first before the participants have to pay for their drinks out of their own pocket. This idea will be discussed during the meeting and may be added to the financial application.</p>



<p>TOP 5 (Aaron und Lennart):</p>



<p>Für die Erstsemestereinführung vom 7.10. bis 13.10.2024 möchten wir wieder verschiedene Veranstaltungen anbieten. Diese bringen einen Finanzbedarf mit sich, der mit diesem FA beschlossen werden soll.</p>



<p>Als größte Neuerung ist vorgesehen, dass sich der FSR bei den ESE-Tutor:innen mit einem gemeinsamen Frühstück am Donnerstagmorgen bedankt.</p>



<p>We would like to offer various events again for the freshman orientation from 7.10. to 13.10.2024. These require funding, which is to be decided with this FA.</p>



<p>The biggest innovation is that the FSR will thank the ESE tutors with a joint breakfast on Thursday morning.</p>



<p>TOP 7 (Jannis):</p>



<p>Der Druckservice ist bei den Studierenden sehr beliebt. Sehr große Druckaufträge mit mehreren Dateien und über mehrere hundert Seiten binden jedoch diejenigen, die im Büro sind, stark. Deshalb möchte ich darüber diskutieren, ob hier eine Beschränkung sinnvoll ist, und wenn ja, wie diese aussehen könnte.</p>



<p>The printing service is very popular with students. Very large print jobs with several files and several hundred pages however, keep those who are in the office extremely occupied. I would therefore like to discuss whether a restriction makes sense here, and if so, what it might look like.</p>


</p>

<p>Dies ist eine von drei Feriensitzungen des FSR Verkehr. Es sind alle herzlich eingeladen. Die Sitzung findet im POT/13 statt, lässt sich aber auch online …</p>
